Last updated on 2025-05-07 06:49:47 CEST.
Flavor | Version | Tinstall | Tcheck | Ttotal | Status | Flags |
---|---|---|---|---|---|---|
r-devel-linux-x86_64-debian-clang | 1.1 | 7.37 | 61.69 | 69.06 | NOTE | |
r-devel-linux-x86_64-debian-gcc | 1.1 | 5.37 | 45.09 | 50.46 | NOTE | |
r-devel-linux-x86_64-fedora-clang | 1.1 | 110.88 | OK | |||
r-devel-linux-x86_64-fedora-gcc | 1.1 | 101.54 | OK | |||
r-devel-windows-x86_64 | 1.1 | 8.00 | 74.00 | 82.00 | OK | |
r-patched-linux-x86_64 | 1.1 | 6.10 | 59.51 | 65.61 | OK | |
r-release-linux-x86_64 | 1.1 | 7.25 | 58.97 | 66.22 | OK | |
r-release-macos-arm64 | 1.1 | 35.00 | OK | |||
r-release-macos-x86_64 | 1.1 | 63.00 | OK | |||
r-release-windows-x86_64 | 1.1 | 8.00 | 75.00 | 83.00 | OK | |
r-oldrel-macos-arm64 | 1.1 | 32.00 | OK | |||
r-oldrel-macos-x86_64 | 1.1 | 49.00 | OK | |||
r-oldrel-windows-x86_64 | 1.1 | 10.00 | 86.00 | 96.00 | OK |
Version: 1.1
Check: CRAN incoming feasibility
Result: NOTE
Maintainer: ‘Mary C Meyer <meyer@stat.colostate.edu>’
No Authors@R field in DESCRIPTION.
Please add one, modifying
Authors@R: c(person(given = c("Mary", "C"),
family = "Meyer",
role = c("aut", "cre"),
email = "meyer@stat.colostate.edu"),
person(given = "Bodhisattva",
family = "Sen",
role = "aut"))
as necessary.
Found the following (possibly) invalid file URI:
URI: www.kentuckyderby.com
From: man/derby.Rd
Flavors: r-devel-linux-x86_64-debian-clang, r-devel-linux-x86_64-debian-gcc