CRAN Package Check Results for Package DtD

Last updated on 2025-07-23 12:54:07 CEST.

Flavor Version Tinstall Tcheck Ttotal Status Flags
r-devel-linux-x86_64-debian-clang 0.2.2 55.32 46.80 102.12 NOTE
r-devel-linux-x86_64-debian-gcc 0.2.2 34.10 36.56 70.66 NOTE
r-devel-linux-x86_64-fedora-clang 0.2.2 193.31 NOTE
r-devel-linux-x86_64-fedora-gcc 0.2.2 175.69 NOTE
r-devel-windows-x86_64 0.2.2 63.00 118.00 181.00 NOTE
r-patched-linux-x86_64 0.2.2 49.19 45.08 94.27 NOTE
r-release-linux-x86_64 0.2.2 48.12 44.95 93.07 NOTE
r-release-macos-arm64 0.2.2 70.00 NOTE
r-release-macos-x86_64 0.2.2 105.00 NOTE
r-release-windows-x86_64 0.2.2 65.00 108.00 173.00 NOTE
r-oldrel-macos-arm64 0.2.2 51.00 NOTE
r-oldrel-macos-x86_64 0.2.2 121.00 NOTE
r-oldrel-windows-x86_64 0.2.2 76.00 121.00 197.00 NOTE

Check Details

Version: 0.2.2
Check: C++ specification
Result: NOTE Specified C++11: please drop specification unless essential Flavors: r-devel-linux-x86_64-debian-clang, r-devel-linux-x86_64-debian-gcc, r-devel-linux-x86_64-fedora-clang, r-devel-linux-x86_64-fedora-gcc, r-devel-windows-x86_64, r-patched-linux-x86_64, r-release-linux-x86_64, r-release-macos-arm64, r-release-macos-x86_64, r-release-windows-x86_64, r-oldrel-macos-arm64, r-oldrel-macos-x86_64, r-oldrel-windows-x86_64

Version: 0.2.2
Check: LazyData
Result: NOTE 'LazyData' is specified without a 'data' directory Flavors: r-oldrel-macos-arm64, r-oldrel-macos-x86_64, r-oldrel-windows-x86_64