CRAN Package Check Results for Package ECLRMC

Last updated on 2025-05-07 06:49:48 CEST.

Flavor Version Tinstall Tcheck Ttotal Status Flags
r-devel-linux-x86_64-debian-clang 1.0 6.04 52.25 58.29 OK
r-devel-linux-x86_64-debian-gcc 1.0 4.89 39.02 43.91 OK
r-devel-linux-x86_64-fedora-clang 1.0 93.11 OK
r-devel-linux-x86_64-fedora-gcc 1.0 90.83 OK
r-devel-windows-x86_64 1.0 7.00 64.00 71.00 OK
r-patched-linux-x86_64 1.0 6.37 50.20 56.57 OK
r-release-linux-x86_64 1.0 6.73 50.52 57.25 OK
r-release-macos-arm64 1.0 31.00 OK
r-release-macos-x86_64 1.0 72.00 OK
r-release-windows-x86_64 1.0 7.00 64.00 71.00 OK
r-oldrel-macos-arm64 1.0 29.00 NOTE
r-oldrel-macos-x86_64 1.0 43.00 NOTE
r-oldrel-windows-x86_64 1.0 9.00 76.00 85.00 NOTE

Check Details

Version: 1.0
Check: LazyData
Result: NOTE 'LazyData' is specified without a 'data' directory Flavors: r-oldrel-macos-arm64, r-oldrel-macos-x86_64, r-oldrel-windows-x86_64