Last updated on 2025-05-06 06:49:54 CEST.
Flavor | Version | Tinstall | Tcheck | Ttotal | Status | Flags |
---|---|---|---|---|---|---|
r-devel-linux-x86_64-debian-clang | 1.0 | 1.68 | 23.77 | 25.45 | NOTE | |
r-devel-linux-x86_64-debian-gcc | 1.0 | 1.43 | 18.92 | 20.35 | NOTE | |
r-devel-linux-x86_64-fedora-clang | 1.0 | 40.96 | OK | |||
r-devel-linux-x86_64-fedora-gcc | 1.0 | 37.51 | OK | |||
r-devel-windows-x86_64 | 1.0 | 2.00 | 44.00 | 46.00 | OK | |
r-patched-linux-x86_64 | 1.0 | 1.76 | 22.80 | 24.56 | OK | |
r-release-linux-x86_64 | 1.0 | 1.11 | 23.34 | 24.45 | OK | |
r-release-macos-arm64 | 1.0 | 16.00 | OK | |||
r-release-macos-x86_64 | 1.0 | 28.00 | OK | |||
r-release-windows-x86_64 | 1.0 | 3.00 | 45.00 | 48.00 | OK | |
r-oldrel-macos-arm64 | 1.0 | 16.00 | OK | |||
r-oldrel-macos-x86_64 | 1.0 | 23.00 | OK | |||
r-oldrel-windows-x86_64 | 1.0 | 2.00 | 52.00 | 54.00 | OK |
Version: 1.0
Check: CRAN incoming feasibility
Result: NOTE
Maintainer: ‘Thomas Hoffelder <thomas.hoffelder@boehringer-ingelheim.com>’
No Authors@R field in DESCRIPTION.
Please add one, modifying
Authors@R: person(given = "Thomas",
family = "Hoffelder",
role = c("aut", "cre"),
email = "thomas.hoffelder@boehringer-ingelheim.com")
as necessary.
Found the following URLs which should use \doi (with the DOI name only):
File ‘EDNE.EQ-package.Rd’:
http://dx.doi.org/10.1080/10543406.2014.920344
http://dx.doi.org/10.1208/s12248-020-00458-9
File ‘EDNE.EQ.Rd’:
http://dx.doi.org/10.1080/10543406.2014.920344
File ‘EDNE.EQ.dissolution.profiles.Rd’:
http://dx.doi.org/10.1080/10543406.2014.920344
http://dx.doi.org/10.1208/s12248-020-00458-9
File ‘ex_data_JoBS.Rd’:
http://dx.doi.org/10.1080/10543406.2014.920344
Flavors: r-devel-linux-x86_64-debian-clang, r-devel-linux-x86_64-debian-gcc