CRAN Package Check Results for Package EFA.MRFA

Last updated on 2025-05-03 21:51:16 CEST.

Flavor Version Tinstall Tcheck Ttotal Status Flags
r-devel-linux-x86_64-debian-clang 1.1.2 3.83 35.25 39.08 NOTE
r-devel-linux-x86_64-debian-gcc 1.1.2 2.20 25.66 27.86 NOTE
r-devel-linux-x86_64-fedora-clang 1.1.2 60.14 NOTE
r-devel-linux-x86_64-fedora-gcc 1.1.2 57.70 NOTE
r-devel-windows-x86_64 1.1.2 5.00 53.00 58.00 OK
r-patched-linux-x86_64 1.1.2 3.73 33.22 36.95 OK
r-release-linux-x86_64 OK
r-release-macos-arm64 1.1.2 29.00 OK
r-release-macos-x86_64 1.1.2 37.00 OK
r-release-windows-x86_64 1.1.2 5.00 53.00 58.00 OK
r-oldrel-macos-arm64 1.1.2 22.00 OK
r-oldrel-macos-x86_64 1.1.2 30.00 OK
r-oldrel-windows-x86_64 1.1.2 6.00 62.00 68.00 OK

Check Details

Version: 1.1.2
Check: CRAN incoming feasibility
Result: NOTE Maintainer: ‘David Navarro-Gonzalez <david.navarro@urv.cat>’ No Authors@R field in DESCRIPTION. Please add one, modifying Authors@R: c(person(given = "David", family = "Navarro-Gonzalez", role = c("aut", "cre"), email = "david.navarro@urv.cat"), person(given = "Urbano", family = "Lorenzo-Seva", role = "aut")) as necessary. Flavors: r-devel-linux-x86_64-debian-clang, r-devel-linux-x86_64-debian-gcc

Version: 1.1.2
Check: dependencies in R code
Result: NOTE Namespace in Imports field not imported from: ‘PCovR’ All declared Imports should be used. Flavors: r-devel-linux-x86_64-fedora-clang, r-devel-linux-x86_64-fedora-gcc