Last updated on 2025-05-03 21:51:16 CEST.
Flavor | Version | Tinstall | Tcheck | Ttotal | Status | Flags |
---|---|---|---|---|---|---|
r-devel-linux-x86_64-debian-clang | 2.0.5 | 5.03 | 243.82 | 248.85 | OK | |
r-devel-linux-x86_64-debian-gcc | 2.0.5 | 3.68 | 148.98 | 152.66 | OK | |
r-devel-linux-x86_64-fedora-clang | 2.0.5 | 389.61 | OK | |||
r-devel-linux-x86_64-fedora-gcc | 2.0.5 | 414.32 | OK | |||
r-devel-windows-x86_64 | 2.0.5 | 6.00 | 312.00 | 318.00 | OK | |
r-patched-linux-x86_64 | 2.0.5 | 4.89 | 231.13 | 236.02 | OK | |
r-release-linux-x86_64 | OK | |||||
r-release-macos-arm64 | 2.0.5 | 84.00 | ERROR | |||
r-release-macos-x86_64 | 2.0.5 | 145.00 | OK | |||
r-release-windows-x86_64 | 2.0.5 | 5.00 | 274.00 | 279.00 | OK | |
r-oldrel-macos-arm64 | 2.0.5 | 109.00 | ERROR | |||
r-oldrel-macos-x86_64 | 2.0.5 | 185.00 | OK | |||
r-oldrel-windows-x86_64 | 2.0.5 | 8.00 | 370.00 | 378.00 | OK |
Version: 2.0.5
Check: tests
Result: ERROR
Running ‘testthat.R’ [1s/1s]
Running the tests in ‘tests/testthat.R’ failed.
Complete output:
> library(testthat)
> library(EGRETci)
> test_check("EGRETci")
[ FAIL 1 | WARN 0 | SKIP 10 | PASS 15 ]
══ Skipped tests (10) ══════════════════════════════════════════════════════════
• On CRAN (10): 'tests_boot_tests.R:57:3', 'tests_boot_tests.R:69:3',
'tests_boot_tests.R:87:3', 'tests_boot_tests.R:131:3',
'tests_boot_tests.R:150:3', 'tests_boot_tests.R:179:3', 'tests_kalman.R:4:3',
'tests_kalman.R:21:3', 'tests_kalman.R:46:3', 'tests_kalman.R:71:3'
══ Failed tests ════════════════════════════════════════════════════════════════
── Failure ('tests_boot_tests.R:113:3'): paVector ──────────────────────────────
`paIndexWinter` not equal to 11:13.
Lengths differ: 4 is not 3
[ FAIL 1 | WARN 0 | SKIP 10 | PASS 15 ]
Error: Test failures
Execution halted
Flavors: r-release-macos-arm64, r-oldrel-macos-arm64