CRAN Package Check Results for Package EL2Surv

Last updated on 2025-05-07 12:50:22 CEST.

Flavor Version Tinstall Tcheck Ttotal Status Flags
r-devel-linux-x86_64-debian-clang 1.1 6.61 56.55 63.16 NOTE
r-devel-linux-x86_64-debian-gcc 1.1 4.82 42.33 47.15 NOTE
r-devel-linux-x86_64-fedora-clang 1.1 100.13 OK
r-devel-linux-x86_64-fedora-gcc 1.1 96.14 OK
r-devel-windows-x86_64 1.1 7.00 69.00 76.00 OK
r-patched-linux-x86_64 1.1 7.19 54.59 61.78 OK
r-release-linux-x86_64 1.1 6.82 55.30 62.12 OK
r-release-macos-arm64 1.1 34.00 OK
r-release-macos-x86_64 1.1 55.00 OK
r-release-windows-x86_64 1.1 7.00 70.00 77.00 OK
r-oldrel-macos-arm64 1.1 30.00 OK
r-oldrel-macos-x86_64 1.1 44.00 OK
r-oldrel-windows-x86_64 1.1 9.00 84.00 93.00 OK

Check Details

Version: 1.1
Check: CRAN incoming feasibility
Result: NOTE Maintainer: ‘Guo-You Lan <jj6020770416jj@gmail.com>’ No Authors@R field in DESCRIPTION. Please add one, modifying Authors@R: person(given = "Hsin-wen", family = "Chang", role = c("aut", "cre"), email = "hwchang@stat.sinica.edu.tw") as necessary. Flavors: r-devel-linux-x86_64-debian-clang, r-devel-linux-x86_64-debian-gcc