CRAN Package Check Results for Package EMP

Last updated on 2025-05-06 06:49:54 CEST.

Flavor Version Tinstall Tcheck Ttotal Status Flags
r-devel-linux-x86_64-debian-clang 2.0.5 1.57 20.40 21.97 NOTE
r-devel-linux-x86_64-debian-gcc 2.0.5 1.52 16.46 17.98 NOTE
r-devel-linux-x86_64-fedora-clang 2.0.5 34.61 OK
r-devel-linux-x86_64-fedora-gcc 2.0.5 33.28 OK
r-devel-windows-x86_64 2.0.5 3.00 41.00 44.00 NOTE
r-patched-linux-x86_64 2.0.5 1.76 19.58 21.34 NOTE
r-release-linux-x86_64 2.0.5 2.02 19.57 21.59 NOTE
r-release-macos-arm64 2.0.5 17.00 OK
r-release-macos-x86_64 2.0.5 35.00 OK
r-release-windows-x86_64 2.0.5 3.00 41.00 44.00 NOTE
r-oldrel-macos-arm64 2.0.5 16.00 OK
r-oldrel-macos-x86_64 2.0.5 21.00 OK
r-oldrel-windows-x86_64 2.0.5 4.00 43.00 47.00 OK

Check Details

Version: 2.0.5
Check: CRAN incoming feasibility
Result: NOTE Maintainer: ‘Cristian Bravo <cbravoro@uwo.ca>’ Package CITATION file contains call(s) to old-style personList() or as.personList(). Please use c() on person objects instead. Package CITATION file contains call(s) to old-style citEntry(). Please use bibentry() instead. Flavors: r-devel-linux-x86_64-debian-clang, r-devel-linux-x86_64-debian-gcc

Version: 2.0.5
Check: Rd cross-references
Result: NOTE Found the following Rd file(s) with Rd \link{} targets missing package anchors: empChurn.Rd: prediction empCreditScoring.Rd: prediction Please provide package anchors for all Rd \link{} targets not in the package itself and the base packages. Flavors: r-devel-linux-x86_64-debian-clang, r-devel-linux-x86_64-debian-gcc, r-devel-windows-x86_64, r-patched-linux-x86_64, r-release-linux-x86_64, r-release-windows-x86_64