Last updated on 2025-05-03 21:51:16 CEST.
Flavor | Version | Tinstall | Tcheck | Ttotal | Status | Flags |
---|---|---|---|---|---|---|
r-devel-linux-x86_64-debian-clang | 2.0.4 | 25.80 | 96.05 | 121.85 | NOTE | |
r-devel-linux-x86_64-debian-gcc | 2.0.4 | 19.50 | 73.96 | 93.46 | NOTE | |
r-devel-linux-x86_64-fedora-clang | 2.0.4 | 210.57 | OK | |||
r-devel-linux-x86_64-fedora-gcc | 2.0.4 | 214.86 | OK | |||
r-devel-windows-x86_64 | 2.0.4 | 31.00 | 191.00 | 222.00 | OK | |
r-patched-linux-x86_64 | 2.0.4 | 26.05 | 93.44 | 119.49 | OK | |
r-release-linux-x86_64 | OK | |||||
r-release-macos-arm64 | 2.0.4 | 79.00 | OK | |||
r-release-macos-x86_64 | 2.0.4 | 126.00 | OK | |||
r-release-windows-x86_64 | 2.0.4 | 32.00 | 190.00 | 222.00 | OK | |
r-oldrel-macos-arm64 | 2.0.4 | 61.00 | OK | |||
r-oldrel-macos-x86_64 | 2.0.4 | 95.00 | OK | |||
r-oldrel-windows-x86_64 | 2.0.4 | 38.00 | 200.00 | 238.00 | OK |
Version: 2.0.4
Check: CRAN incoming feasibility
Result: NOTE
Maintainer: ‘Joan Garriga <jgarriga@ceab.csic.es>’
No Authors@R field in DESCRIPTION.
Please add one, modifying
Authors@R: c(person(given = "Joan",
family = "Garriga",
role = c("aut", "cre"),
email = "jgarriga@ceab.csic.es"),
person(given = c("John", "R.B."),
family = "Palmer",
role = "aut"),
person(given = "Aitana",
family = "Oltra",
role = "aut"),
person(given = "Frederic",
family = "Bartumeus",
role = "aut"))
as necessary.
Flavors: r-devel-linux-x86_64-debian-clang, r-devel-linux-x86_64-debian-gcc