Last updated on 2025-05-03 21:51:17 CEST.
Flavor | Version | Tinstall | Tcheck | Ttotal | Status | Flags |
---|---|---|---|---|---|---|
r-devel-linux-x86_64-debian-clang | 1.0.4 | 3.93 | 35.30 | 39.23 | NOTE | |
r-devel-linux-x86_64-debian-gcc | 1.0.4 | 2.63 | 28.45 | 31.08 | NOTE | |
r-devel-linux-x86_64-fedora-clang | 1.0.4 | 63.08 | OK | |||
r-devel-linux-x86_64-fedora-gcc | 1.0.4 | 71.84 | OK | |||
r-devel-windows-x86_64 | 1.0.4 | 7.00 | 68.00 | 75.00 | OK | |
r-patched-linux-x86_64 | 1.0.4 | 4.16 | 33.90 | 38.06 | OK | |
r-release-linux-x86_64 | OK | |||||
r-release-macos-arm64 | 1.0.4 | 49.00 | OK | |||
r-release-macos-x86_64 | 1.0.4 | 78.00 | OK | |||
r-release-windows-x86_64 | 1.0.4 | 7.00 | 68.00 | 75.00 | OK | |
r-oldrel-macos-arm64 | 1.0.4 | 31.00 | OK | |||
r-oldrel-macos-x86_64 | 1.0.4 | 44.00 | OK | |||
r-oldrel-windows-x86_64 | 1.0.4 | 9.00 | 72.00 | 81.00 | OK |
Version: 1.0.4
Check: CRAN incoming feasibility
Result: NOTE
Maintainer: ‘Jabed Tomal <jtomal@tru.ca>’
The Description field contains
<arXiv:1706.06971> for more details.
Please refer to arXiv e-prints via their arXiv DOI <doi:10.48550/arXiv.YYMM.NNNNN>.
Flavors: r-devel-linux-x86_64-debian-clang, r-devel-linux-x86_64-debian-gcc