Last updated on 2025-05-03 21:51:17 CEST.
Flavor | Version | Tinstall | Tcheck | Ttotal | Status | Flags |
---|---|---|---|---|---|---|
r-devel-linux-x86_64-debian-clang | 0.2.0 | 15.68 | 154.00 | 169.68 | NOTE | |
r-devel-linux-x86_64-debian-gcc | 0.2.0 | 9.97 | 106.85 | 116.82 | NOTE | |
r-devel-linux-x86_64-fedora-clang | 0.2.0 | 262.91 | NOTE | |||
r-devel-linux-x86_64-fedora-gcc | 0.2.0 | 258.06 | NOTE | |||
r-devel-windows-x86_64 | 0.2.0 | 17.00 | 148.00 | 165.00 | NOTE | |
r-patched-linux-x86_64 | 0.2.0 | 15.33 | 141.07 | 156.40 | NOTE | |
r-release-linux-x86_64 | NOTE | |||||
r-release-macos-arm64 | 0.2.0 | 71.00 | NOTE | |||
r-release-macos-x86_64 | 0.2.0 | 142.00 | NOTE | |||
r-release-windows-x86_64 | 0.2.0 | 15.00 | 144.00 | 159.00 | NOTE | |
r-oldrel-macos-arm64 | 0.2.0 | 80.00 | NOTE | |||
r-oldrel-macos-x86_64 | 0.2.0 | 123.00 | NOTE | |||
r-oldrel-windows-x86_64 | 0.2.0 | 22.00 | 195.00 | 217.00 | NOTE |
Version: 0.2.0
Check: CRAN incoming feasibility
Result: NOTE
Maintainer: ‘Ladislas Nalborczyk <ladislas.nalborczyk@gmail.com>’
The Description field contains
<arXiv:1704.02030v3>).
Please refer to arXiv e-prints via their arXiv DOI <doi:10.48550/arXiv.YYMM.NNNNN>.
Flavors: r-devel-linux-x86_64-debian-clang, r-devel-linux-x86_64-debian-gcc
Version: 0.2.0
Check: Rd files
Result: NOTE
checkRd: (-1) aic.Rd:25: Escaped LaTeX specials: \&
checkRd: (-1) aic.Rd:29: Escaped LaTeX specials: \&
checkRd: (-1) ictab.Rd:56: Escaped LaTeX specials: \&
checkRd: (-1) ictab.Rd:60: Escaped LaTeX specials: \&
checkRd: (-1) ictab.Rd:64: Escaped LaTeX specials: \&
Flavors: r-devel-linux-x86_64-debian-clang, r-devel-linux-x86_64-debian-gcc, r-devel-linux-x86_64-fedora-clang, r-devel-linux-x86_64-fedora-gcc, r-devel-windows-x86_64, r-patched-linux-x86_64, r-release-linux-x86_64, r-release-macos-arm64, r-release-macos-x86_64, r-release-windows-x86_64, r-oldrel-macos-arm64, r-oldrel-macos-x86_64, r-oldrel-windows-x86_64
Version: 0.2.0
Check: LazyData
Result: NOTE
'LazyData' is specified without a 'data' directory
Flavors: r-oldrel-macos-arm64, r-oldrel-macos-x86_64, r-oldrel-windows-x86_64