Last updated on 2024-06-17 06:50:16 CEST.
Flavor | Version | Tinstall | Tcheck | Ttotal | Status | Flags |
---|---|---|---|---|---|---|
r-devel-linux-x86_64-debian-clang | 3.1.1 | 5.64 | 432.17 | 437.81 | OK | |
r-devel-linux-x86_64-debian-gcc | 3.1.1 | 4.56 | 276.24 | 280.80 | OK | |
r-devel-linux-x86_64-fedora-clang | 3.1.1 | 671.78 | NOTE | |||
r-devel-linux-x86_64-fedora-gcc | 3.1.1 | 497.96 | NOTE | |||
r-devel-windows-x86_64 | 3.1.1 | 6.00 | 360.00 | 366.00 | OK | |
r-patched-linux-x86_64 | 3.1.1 | 3.99 | 417.77 | 421.76 | OK | |
r-release-linux-x86_64 | 3.1.1 | 3.88 | 422.00 | 425.88 | OK | |
r-release-macos-arm64 | 3.1.1 | 242.00 | OK | |||
r-release-macos-x86_64 | 3.1.1 | 285.00 | OK | |||
r-release-windows-x86_64 | 3.1.1 | 6.00 | 185.00 | 191.00 | ERROR | |
r-oldrel-macos-arm64 | 3.1.1 | 253.00 | OK | |||
r-oldrel-macos-x86_64 | 3.1.1 | 317.00 | OK | |||
r-oldrel-windows-x86_64 | 3.1.1 | 8.00 | 387.00 | 395.00 | OK |
Version: 3.1.1
Check: dependencies in R code
Result: NOTE
Namespace in Imports field not imported from: ‘BiocStyle’
All declared Imports should be used.
Flavors: r-devel-linux-x86_64-fedora-clang, r-devel-linux-x86_64-fedora-gcc
Version: 3.1.1
Check: re-building of vignette outputs
Result: ERROR
Error(s) in re-building vignettes:
--- re-building 'my-vignette.Rmd' using rmarkdown
terminate called after throwing an instance of 'std::bad_alloc'
what(): std::bad_alloc
Flavor: r-release-windows-x86_64
Version: 3.1.1
Check: PDF version of manual
Result: WARN
LaTeX errors when creating PDF version.
This typically indicates Rd problems.
Flavor: r-release-windows-x86_64
Version: 3.1.1
Check: PDF version of manual without index
Result: ERROR
Re-running with no redirection of stdout/stderr.
Flavor: r-release-windows-x86_64