Last updated on 2025-05-07 06:49:48 CEST.
Flavor | Version | Tinstall | Tcheck | Ttotal | Status | Flags |
---|---|---|---|---|---|---|
r-devel-linux-x86_64-debian-clang | 2.0 | 11.64 | 95.96 | 107.60 | NOTE | |
r-devel-linux-x86_64-debian-gcc | 2.0 | 8.86 | 69.85 | 78.71 | NOTE | |
r-devel-linux-x86_64-fedora-clang | 2.0 | 178.32 | OK | |||
r-devel-linux-x86_64-fedora-gcc | 2.0 | 162.14 | OK | |||
r-devel-windows-x86_64 | 2.0 | 13.00 | 94.00 | 107.00 | OK | |
r-patched-linux-x86_64 | 2.0 | 11.91 | 92.03 | 103.94 | OK | |
r-release-linux-x86_64 | 2.0 | 12.60 | 90.80 | 103.40 | OK | |
r-release-macos-arm64 | 2.0 | 60.00 | OK | |||
r-release-macos-x86_64 | 2.0 | 92.00 | OK | |||
r-release-windows-x86_64 | 2.0 | 14.00 | 96.00 | 110.00 | OK | |
r-oldrel-macos-arm64 | 2.0 | 53.00 | OK | |||
r-oldrel-macos-x86_64 | 2.0 | 71.00 | OK | |||
r-oldrel-windows-x86_64 | 2.0 | 16.00 | 129.00 | 145.00 | OK |
Version: 2.0
Check: CRAN incoming feasibility
Result: NOTE
Maintainer: ‘Castor Guisande Gonzalez <castor@uvigo.es>’
No Authors@R field in DESCRIPTION.
Please add one, modifying
Authors@R: person(given = c("Castor", "Guisande"),
family = "Gonzalez",
role = c("aut", "cre"),
email = "castor@uvigo.es")
as necessary.
Flavors: r-devel-linux-x86_64-debian-clang, r-devel-linux-x86_64-debian-gcc