Last updated on 2024-06-16 11:57:55 CEST.
Flavor | Version | Tinstall | Tcheck | Ttotal | Status | Flags |
---|---|---|---|---|---|---|
r-devel-linux-x86_64-debian-clang | 1.2.0 | 3.19 | 54.97 | 58.16 | OK | |
r-devel-linux-x86_64-debian-gcc | 1.2.0 | 2.85 | 41.38 | 44.23 | OK | |
r-devel-linux-x86_64-fedora-clang | 1.2.0 | 74.03 | OK | |||
r-devel-linux-x86_64-fedora-gcc | 1.2.0 | 82.21 | OK | |||
r-devel-windows-x86_64 | 1.2.0 | 5.00 | 60.00 | 65.00 | OK | |
r-patched-linux-x86_64 | 1.2.0 | 3.00 | 52.07 | 55.07 | OK | |
r-release-linux-x86_64 | 1.2.0 | 3.62 | 52.69 | 56.31 | OK | |
r-release-macos-arm64 | 1.2.0 | 32.00 | OK | |||
r-release-macos-x86_64 | 1.2.0 | 46.00 | OK | |||
r-release-windows-x86_64 | 1.2.0 | 5.00 | 65.00 | 70.00 | ERROR | |
r-oldrel-macos-arm64 | 1.2.0 | 35.00 | OK | |||
r-oldrel-macos-x86_64 | 1.2.0 | 61.00 | OK | |||
r-oldrel-windows-x86_64 | 1.2.0 | 5.00 | 67.00 | 72.00 | OK |
Version: 1.2.0
Check: re-building of vignette outputs
Result: ERROR
Error(s) in re-building vignettes:
--- re-building 'Intro_to_EgoCor.Rmd' using rmarkdown
Quitting from lines 136-137 [unnamed-chunk-4] (Intro_to_EgoCor.Rmd)
Error: processing vignette 'Intro_to_EgoCor.Rmd' failed with diagnostics:
out of dynamic memory (try local kriging?)
--- failed re-building 'Intro_to_EgoCor.Rmd'
SUMMARY: processing the following file failed:
'Intro_to_EgoCor.Rmd'
Error: Vignette re-building failed.
Execution halted
Flavor: r-release-windows-x86_64