Last updated on 2024-06-17 06:50:16 CEST.
Flavor | Version | Tinstall | Tcheck | Ttotal | Status | Flags |
---|---|---|---|---|---|---|
r-devel-linux-x86_64-debian-clang | 1.6-2 | 15.86 | 161.21 | 177.07 | OK | |
r-devel-linux-x86_64-debian-gcc | 1.6-2 | 13.05 | 116.34 | 129.39 | OK | |
r-devel-linux-x86_64-fedora-clang | 1.6-2 | 227.48 | OK | |||
r-devel-linux-x86_64-fedora-gcc | 1.6-2 | 219.79 | OK | |||
r-devel-windows-x86_64 | 1.6-2 | 15.00 | 128.00 | 143.00 | OK | |
r-patched-linux-x86_64 | 1.6-2 | 12.13 | 148.65 | 160.78 | OK | |
r-release-linux-x86_64 | 1.6-2 | 11.32 | 148.00 | 159.32 | OK | |
r-release-macos-arm64 | 1.6-2 | 77.00 | OK | |||
r-release-macos-x86_64 | 1.6-2 | 172.00 | OK | |||
r-release-windows-x86_64 | 1.6-2 | 16.00 | 149.00 | 165.00 | ERROR | |
r-oldrel-macos-arm64 | 1.6-2 | 75.00 | OK | |||
r-oldrel-macos-x86_64 | 1.6-2 | 152.00 | OK | |||
r-oldrel-windows-x86_64 | 1.6-2 | 21.00 | 157.00 | 178.00 | OK |
Version: 1.6-2
Check: re-building of vignette outputs
Result: ERROR
Error(s) in re-building vignettes:
--- re-building 'EpiStats.Rmd' using rmarkdown
! ERROR: bad allocation
! Entschuldigung, aber C:\PROGRA~1\MiKTeX\miktex\bin\x64\pdflatex.exe schlug fehl.
Error: processing vignette 'EpiStats.Rmd' failed with diagnostics:
LaTeX failed to compile D:/RCompile/CRANpkg/local/4.4/EpiStats.Rcheck/vign_test/EpiStats/vignettes/EpiStats.tex. See https://yihui.org/tinytex/r/#debugging for debugging tips. See EpiStats.log for more info.
--- failed re-building 'EpiStats.Rmd'
SUMMARY: processing the following file failed:
'EpiStats.Rmd'
Error: Vignette re-building failed.
Execution halted
Flavor: r-release-windows-x86_64