Last updated on 2025-05-06 06:49:54 CEST.
Flavor | Version | Tinstall | Tcheck | Ttotal | Status | Flags |
---|---|---|---|---|---|---|
r-devel-linux-x86_64-debian-clang | 0.1.0 | 6.54 | 83.85 | 90.39 | NOTE | |
r-devel-linux-x86_64-debian-gcc | 0.1.0 | 5.09 | 57.22 | 62.31 | NOTE | |
r-devel-linux-x86_64-fedora-clang | 0.1.0 | 145.95 | OK | |||
r-devel-linux-x86_64-fedora-gcc | 0.1.0 | 139.14 | OK | |||
r-devel-windows-x86_64 | 0.1.0 | 7.00 | 87.00 | 94.00 | OK | |
r-patched-linux-x86_64 | 0.1.0 | 6.37 | 79.69 | 86.06 | OK | |
r-release-linux-x86_64 | 0.1.0 | 5.64 | 79.83 | 85.47 | OK | |
r-release-macos-arm64 | 0.1.0 | 41.00 | OK | |||
r-release-macos-x86_64 | 0.1.0 | 123.00 | OK | |||
r-release-windows-x86_64 | 0.1.0 | 7.00 | 91.00 | 98.00 | OK | |
r-oldrel-macos-arm64 | 0.1.0 | 37.00 | NOTE | |||
r-oldrel-macos-x86_64 | 0.1.0 | 64.00 | NOTE | |||
r-oldrel-windows-x86_64 | 0.1.0 | 10.00 | 115.00 | 125.00 | NOTE |
Version: 0.1.0
Check: CRAN incoming feasibility
Result: NOTE
Maintainer: ‘Kathrin Moellenhoff <kathrin.moellenhoff@rub.de>’
No Authors@R field in DESCRIPTION.
Please add one, modifying
Authors@R: person(given = "Kathrin",
family = "Moellenhoff",
role = c("aut", "cre"),
email = "kathrin.moellenhoff@rub.de")
as necessary.
The Description field contains
equivalence in time-to-event data <arXiv:2009.06699>.
Please refer to arXiv e-prints via their arXiv DOI <doi:10.48550/arXiv.YYMM.NNNNN>.
Flavors: r-devel-linux-x86_64-debian-clang, r-devel-linux-x86_64-debian-gcc
Version: 0.1.0
Check: LazyData
Result: NOTE
'LazyData' is specified without a 'data' directory
Flavors: r-oldrel-macos-arm64, r-oldrel-macos-x86_64, r-oldrel-windows-x86_64