CRAN Package Check Results for Package EvoPhylo

Last updated on 2025-05-03 21:51:17 CEST.

Flavor Version Tinstall Tcheck Ttotal Status Flags
r-devel-linux-x86_64-debian-clang 0.3.2 11.89 267.37 279.26 NOTE
r-devel-linux-x86_64-debian-gcc 0.3.2 7.21 190.01 197.22 NOTE
r-devel-linux-x86_64-fedora-clang 0.3.2 453.84 OK
r-devel-linux-x86_64-fedora-gcc 0.3.2 422.05 OK
r-devel-windows-x86_64 0.3.2 12.00 236.00 248.00 NOTE
r-patched-linux-x86_64 0.3.2 12.65 259.42 272.07 NOTE
r-release-linux-x86_64 NOTE
r-release-macos-arm64 0.3.2 118.00 OK
r-release-macos-x86_64 0.3.2 212.00 OK
r-release-windows-x86_64 0.3.2 15.00 237.00 252.00 NOTE
r-oldrel-macos-arm64 0.3.2 120.00 NOTE
r-oldrel-macos-x86_64 0.3.2 192.00 NOTE
r-oldrel-windows-x86_64 0.3.2 18.00 308.00 326.00 NOTE

Check Details

Version: 0.3.2
Check: CRAN incoming feasibility
Result: NOTE Maintainer: ‘Tiago Simoes <trsimoes87@gmail.com>’ Package CITATION file contains call(s) to old-style citEntry(). Please use bibentry() instead. Flavors: r-devel-linux-x86_64-debian-clang, r-devel-linux-x86_64-debian-gcc

Version: 0.3.2
Check: Rd cross-references
Result: NOTE Found the following Rd file(s) with Rd \link{} targets missing package anchors: clockrate_dens_plot.Rd: facet_wrap, geom_density clockrate_reg_plot.Rd: geom_smooth, geom_point plot_treerates_sgn.Rd: scale_color_steps2 Please provide package anchors for all Rd \link{} targets not in the package itself and the base packages. Flavors: r-devel-linux-x86_64-debian-clang, r-devel-linux-x86_64-debian-gcc, r-devel-windows-x86_64, r-patched-linux-x86_64, r-release-linux-x86_64, r-release-windows-x86_64

Version: 0.3.2
Check: installed package size
Result: NOTE installed size is 6.7Mb sub-directories of 1Mb or more: data 2.5Mb doc 1.6Mb extdata 2.4Mb Flavors: r-oldrel-macos-arm64, r-oldrel-macos-x86_64, r-oldrel-windows-x86_64