Last updated on 2024-06-17 06:50:16 CEST.
Flavor | Version | Tinstall | Tcheck | Ttotal | Status | Flags |
---|---|---|---|---|---|---|
r-devel-linux-x86_64-debian-clang | 0.1.0 | 4.09 | 47.31 | 51.40 | OK | |
r-devel-linux-x86_64-debian-gcc | 0.1.0 | 3.41 | 35.19 | 38.60 | OK | |
r-devel-linux-x86_64-fedora-clang | 0.1.0 | 58.18 | OK | |||
r-devel-linux-x86_64-fedora-gcc | 0.1.0 | 60.65 | OK | |||
r-devel-windows-x86_64 | 0.1.0 | 6.00 | 56.00 | 62.00 | OK | |
r-patched-linux-x86_64 | 0.1.0 | 3.23 | 44.77 | 48.00 | OK | |
r-release-linux-x86_64 | 0.1.0 | 3.48 | 45.59 | 49.07 | OK | |
r-release-macos-arm64 | 0.1.0 | 21.00 | OK | |||
r-release-macos-x86_64 | 0.1.0 | 33.00 | OK | |||
r-release-windows-x86_64 | 0.1.0 | 5.00 | 77.00 | 82.00 | FAIL | |
r-oldrel-macos-arm64 | 0.1.0 | 25.00 | OK | |||
r-oldrel-macos-x86_64 | 0.1.0 | 32.00 | OK | |||
r-oldrel-windows-x86_64 | 0.1.0 | 6.00 | 65.00 | 71.00 | OK |
Version: 0.1.0
Check: for unstated dependencies in examples
Result: WARN
Fatal error: couldn't allocate node stack
Flavor: r-release-windows-x86_64
Version: 0.1.0
Check: data for non-ASCII characters
Result: NOTE
Error loading dataset 'P1_miRNA_rpm': empty (zero-byte) input file
Call sequence:
3: stop("empty (zero-byte) input file")
2: load(file, envir = tmp_env)
1: utils::data(list = f, package = character(), envir = dataEnv)
...
Error loading dataset 'P1_sRNA_seq': empty (zero-byte) input file
Call sequence:
3: stop("empty (zero-byte) input file")
2: load(file, envir = tmp_env)
1: utils::data(list = f, package = character(), envir = dataEnv)
...
Error loading dataset 'P2_miRNA_count': empty (zero-byte) input file
Call sequence:
3: stop("empty (zero-byte) input file")
2: load(file, envir = tmp_env)
1: utils::data(list = f, package = character(), envir = dataEnv)
...
Error loading dataset 'P2_miRNA_rpm': empty (zero-byte) input file
Call sequence:
3: stop("empty (zero-byte) input file")
2: load(file, envir = tmp_env)
1: utils::data(list = f, package = character(), envir = dataEnv)
...
Error loading dataset 'P2_sRNA_seq': empty (zero-byte) input file
Call sequence:
3: stop("empty (zero-byte) input file")
2: load(file, envir = tmp_env)
1: utils::data(list = f, package = character(), envir = dataEnv)
...
Flavor: r-release-windows-x86_64
Version: 0.1.0
Check: examples
Result: ERROR
Running massageExamples to create 'ExpGenetic-Ex.R' failed
During startup - Warning messages:
1: package 'utils' in options("defaultPackages") was not found
2: In .getClassesFromCache(Class) :
restarting interrupted promise evaluation
Error: memory exhausted
Execution halted
NONE
Flavor: r-release-windows-x86_64
Version: 0.1.0
Check: PDF version of manual
Result: WARN
LaTeX errors when creating PDF version.
This typically indicates Rd problems.
Flavor: r-release-windows-x86_64
Version: 0.1.0
Check: PDF version of manual without index
Result: ERROR
Flavor: r-release-windows-x86_64
Version: 0.1.0
Check: HTML version of manual
Result: FAIL
Flavor: r-release-windows-x86_64