CRAN Package Check Results for Package FABInference

Last updated on 2025-05-06 12:49:38 CEST.

Flavor Version Tinstall Tcheck Ttotal Status Flags
r-devel-linux-x86_64-debian-clang 0.1 1.57 28.48 30.05 NOTE
r-devel-linux-x86_64-debian-gcc 0.1 1.63 20.63 22.26 NOTE
r-devel-linux-x86_64-fedora-clang 0.1 47.35 OK
r-devel-linux-x86_64-fedora-gcc 0.1 45.46 OK
r-devel-windows-x86_64 0.1 3.00 47.00 50.00 OK
r-patched-linux-x86_64 0.1 2.55 27.37 29.92 OK
r-release-linux-x86_64 0.1 2.10 26.88 28.98 OK
r-release-macos-arm64 0.1 17.00 OK
r-release-macos-x86_64 0.1 30.00 OK
r-release-windows-x86_64 0.1 3.00 48.00 51.00 OK
r-oldrel-macos-arm64 0.1 15.00 NOTE
r-oldrel-macos-x86_64 0.1 25.00 NOTE
r-oldrel-windows-x86_64 0.1 3.00 53.00 56.00 NOTE

Check Details

Version: 0.1
Check: CRAN incoming feasibility
Result: NOTE Maintainer: ‘Peter Hoff <peter.hoff@duke.edu>’ No Authors@R field in DESCRIPTION. Please add one, modifying Authors@R: person(given = "Peter", family = "Hoff", role = c("aut", "cre"), email = "peter.hoff@duke.edu") as necessary. The Description field contains construction. See Hoff (2019) <arXiv:1907.12589> "Smaller p-values via Please refer to arXiv e-prints via their arXiv DOI <doi:10.48550/arXiv.YYMM.NNNNN>. Flavors: r-devel-linux-x86_64-debian-clang, r-devel-linux-x86_64-debian-gcc

Version: 0.1
Check: LazyData
Result: NOTE 'LazyData' is specified without a 'data' directory Flavors: r-oldrel-macos-arm64, r-oldrel-macos-x86_64, r-oldrel-windows-x86_64