Last updated on 2024-06-17 06:50:16 CEST.
Flavor | Version | Tinstall | Tcheck | Ttotal | Status | Flags |
---|---|---|---|---|---|---|
r-devel-linux-x86_64-debian-clang | 0.1.6 | 12.91 | 95.13 | 108.04 | OK | |
r-devel-linux-x86_64-debian-gcc | 0.1.6 | 9.42 | 70.22 | 79.64 | OK | |
r-devel-linux-x86_64-fedora-clang | 0.1.6 | 133.90 | OK | |||
r-devel-linux-x86_64-fedora-gcc | 0.1.6 | 138.41 | OK | |||
r-devel-windows-x86_64 | 0.1.6 | 11.00 | 91.00 | 102.00 | OK | |
r-patched-linux-x86_64 | 0.1.6 | 15.56 | 91.70 | 107.26 | OK | |
r-release-linux-x86_64 | 0.1.6 | 7.76 | 91.38 | 99.14 | OK | |
r-release-macos-arm64 | 0.1.6 | 45.00 | OK | |||
r-release-macos-x86_64 | 0.1.6 | 68.00 | OK | |||
r-release-windows-x86_64 | 0.1.6 | 13.00 | 24.00 | 37.00 | FAIL | |
r-oldrel-macos-arm64 | 0.1.6 | 47.00 | OK | |||
r-oldrel-macos-x86_64 | 0.1.6 | 103.00 | OK | |||
r-oldrel-windows-x86_64 | 0.1.6 | 15.00 | 106.00 | 121.00 | OK |
Version: 0.1.6
Check: package dependencies
Result: FAIL
Flavor: r-release-windows-x86_64