CRAN Package Check Results for Package FLR

Last updated on 2025-05-07 12:50:23 CEST.

Flavor Version Tinstall Tcheck Ttotal Status Flags
r-devel-linux-x86_64-debian-clang 1.0 2.28 20.33 22.61 NOTE
r-devel-linux-x86_64-debian-gcc 1.0 1.64 16.47 18.11 NOTE
r-devel-linux-x86_64-fedora-clang 1.0 35.27 NOTE
r-devel-linux-x86_64-fedora-gcc 1.0 33.52 NOTE
r-devel-windows-x86_64 1.0 3.00 43.00 46.00 NOTE
r-patched-linux-x86_64 1.0 2.20 19.68 21.88 NOTE
r-release-linux-x86_64 1.0 1.89 19.41 21.30 NOTE
r-release-macos-arm64 1.0 19.00 NOTE
r-release-macos-x86_64 1.0 29.00 NOTE
r-release-windows-x86_64 1.0 5.00 43.00 48.00 NOTE
r-oldrel-macos-arm64 1.0 16.00 NOTE
r-oldrel-macos-x86_64 1.0 24.00 NOTE
r-oldrel-windows-x86_64 1.0 3.00 45.00 48.00 NOTE

Check Details

Version: 1.0
Check: CRAN incoming feasibility
Result: NOTE Maintainer: ‘Constantinos Mavridis <consmavr@gmail.com>’ No Authors@R field in DESCRIPTION. Please add one, modifying Authors@R: c(person(given = "Constantinos", family = "Mavridis", role = c("aut", "cre"), email = "consmavr@gmail.com"), person(given = c("Ioannis", "N."), family = "Athanasiadis", role = "aut")) as necessary. Flavors: r-devel-linux-x86_64-debian-clang, r-devel-linux-x86_64-debian-gcc

Version: 1.0
Check: DESCRIPTION meta-information
Result: NOTE Malformed Description field: should contain one or more complete sentences. Flavors: r-devel-linux-x86_64-debian-clang, r-devel-linux-x86_64-debian-gcc, r-devel-linux-x86_64-fedora-clang, r-devel-linux-x86_64-fedora-gcc, r-devel-windows-x86_64, r-patched-linux-x86_64, r-release-linux-x86_64, r-release-macos-arm64, r-release-macos-x86_64, r-release-windows-x86_64, r-oldrel-macos-arm64, r-oldrel-macos-x86_64, r-oldrel-windows-x86_64