Last updated on 2025-05-07 06:49:49 CEST.
Flavor | Version | Tinstall | Tcheck | Ttotal | Status | Flags |
---|---|---|---|---|---|---|
r-devel-linux-x86_64-debian-clang | 1.0.1 | 1.55 | 17.61 | 19.16 | NOTE | |
r-devel-linux-x86_64-debian-gcc | 1.0.1 | 1.24 | 14.59 | 15.83 | NOTE | |
r-devel-linux-x86_64-fedora-clang | 1.0.1 | 30.34 | OK | |||
r-devel-linux-x86_64-fedora-gcc | 1.0.1 | 28.62 | OK | |||
r-devel-windows-x86_64 | 1.0.1 | 3.00 | 44.00 | 47.00 | OK | |
r-patched-linux-x86_64 | 1.0.1 | 1.27 | 17.00 | 18.27 | OK | |
r-release-linux-x86_64 | 1.0.1 | 1.63 | 17.17 | 18.80 | OK | |
r-release-macos-arm64 | 1.0.1 | 17.00 | OK | |||
r-release-macos-x86_64 | 1.0.1 | 23.00 | OK | |||
r-release-windows-x86_64 | 1.0.1 | 3.00 | 44.00 | 47.00 | OK | |
r-oldrel-macos-arm64 | 1.0.1 | 15.00 | OK | |||
r-oldrel-macos-x86_64 | 1.0.1 | 21.00 | OK | |||
r-oldrel-windows-x86_64 | 1.0.1 | 2.00 | 46.00 | 48.00 | OK |
Version: 1.0.1
Check: CRAN incoming feasibility
Result: NOTE
Maintainer: ‘Shwetank Lall <shwetanklall@gmail.com>’
Package CITATION file contains call(s) to old-style personList() or
as.personList(). Please use c() on person objects instead.
Package CITATION file contains call(s) to old-style citEntry(). Please
use bibentry() instead.
Flavors: r-devel-linux-x86_64-debian-clang, r-devel-linux-x86_64-debian-gcc