Last updated on 2025-05-03 21:51:17 CEST.
Flavor | Version | Tinstall | Tcheck | Ttotal | Status | Flags |
---|---|---|---|---|---|---|
r-devel-linux-x86_64-debian-clang | 1.9 | 13.46 | 98.47 | 111.93 | NOTE | |
r-devel-linux-x86_64-debian-gcc | 1.9 | 7.70 | 68.39 | 76.09 | NOTE | |
r-devel-linux-x86_64-fedora-clang | 1.9 | 173.23 | OK | |||
r-devel-linux-x86_64-fedora-gcc | 1.9 | 169.86 | OK | |||
r-devel-windows-x86_64 | 1.9 | 19.00 | 103.00 | 122.00 | NOTE | |
r-patched-linux-x86_64 | 1.9 | 13.73 | 92.34 | 106.07 | NOTE | |
r-release-linux-x86_64 | NOTE | |||||
r-release-macos-arm64 | 1.9 | 46.00 | OK | |||
r-release-macos-x86_64 | 1.9 | 86.00 | OK | |||
r-release-windows-x86_64 | 1.9 | 17.00 | 101.00 | 118.00 | NOTE | |
r-oldrel-macos-arm64 | 1.9 | 48.00 | OK | |||
r-oldrel-macos-x86_64 | 1.9 | 67.00 | OK | |||
r-oldrel-windows-x86_64 | 1.9 | 22.00 | 126.00 | 148.00 | OK |
Version: 1.9
Check: CRAN incoming feasibility
Result: NOTE
Maintainer: ‘Francois Husson <francois.husson@institut-agro.fr>’
No Authors@R field in DESCRIPTION.
Please add one, modifying
Authors@R: c(person(given = "Simon",
family = "Thuleau",
role = "aut"),
person(given = "Francois",
family = "Husson",
role = c("aut", "cre"),
email = "francois.husson@institut-agro.fr"))
as necessary.
Flavors: r-devel-linux-x86_64-debian-clang, r-devel-linux-x86_64-debian-gcc
Version: 1.9
Check: Rd cross-references
Result: NOTE
Found the following Rd file(s) with Rd \link{} targets missing package
anchors:
Investigate.Rd: CA
classif.Rd: HCPC
description.Rd: CA
factoGraph.Rd: CA
graphHab.Rd: CA
Please provide package anchors for all Rd \link{} targets not in the
package itself and the base packages.
Flavors: r-devel-linux-x86_64-debian-clang, r-devel-linux-x86_64-debian-gcc, r-devel-windows-x86_64, r-patched-linux-x86_64, r-release-linux-x86_64, r-release-windows-x86_64