Last updated on 2025-07-24 12:51:24 CEST.
Flavor | Version | Tinstall | Tcheck | Ttotal | Status | Flags |
---|---|---|---|---|---|---|
r-devel-linux-x86_64-debian-clang | 2.11 | 38.04 | 220.36 | 258.40 | NOTE | |
r-devel-linux-x86_64-debian-gcc | 2.11 | 24.60 | 145.47 | 170.07 | NOTE | |
r-devel-linux-x86_64-fedora-clang | 2.12 | 430.63 | OK | |||
r-devel-linux-x86_64-fedora-gcc | 2.12 | 400.61 | OK | |||
r-devel-windows-x86_64 | 2.12 | 49.00 | 220.00 | 269.00 | OK | |
r-patched-linux-x86_64 | 2.11 | 39.03 | 206.74 | 245.77 | NOTE | |
r-release-linux-x86_64 | 2.11 | 36.72 | 207.00 | 243.72 | NOTE | |
r-release-macos-arm64 | 2.11 | 96.00 | OK | |||
r-release-macos-x86_64 | 2.12 | 169.00 | OK | |||
r-release-windows-x86_64 | 2.11 | 44.00 | 203.00 | 247.00 | NOTE | |
r-oldrel-macos-arm64 | 2.11 | 104.00 | OK | |||
r-oldrel-macos-x86_64 | 2.12 | 194.00 | OK | |||
r-oldrel-windows-x86_64 | 2.11 | 56.00 | 266.00 | 322.00 | OK |
Version: 2.11
Check: CRAN incoming feasibility
Result: NOTE
Maintainer: ‘Francois Husson <francois.husson@institut-agro.fr>’
No Authors@R field in DESCRIPTION.
Please add one, modifying
Authors@R: c(person(given = "Francois",
family = "Husson",
role = c("aut", "cre"),
email = "francois.husson@institut-agro.fr"),
person(given = "Julie",
family = "Josse",
role = "aut"),
person(given = "Sebastien",
family = "Le",
role = "aut"),
person(given = "Jeremy",
family = "Mazet",
role = "aut"))
as necessary.
The BugReports field in DESCRIPTION has
https://github.com/husson/FactoMineR
which should likely be
https://github.com/husson/FactoMineR/issues
instead.
Flavors: r-devel-linux-x86_64-debian-clang, r-devel-linux-x86_64-debian-gcc
Version: 2.11
Check: Rd cross-references
Result: NOTE
Found the following Rd file(s) with Rd \link{} targets missing package
anchors:
HCPC.Rd: agnes
plotellipses.Rd: xyplot
Please provide package anchors for all Rd \link{} targets not in the
package itself and the base packages.
Flavors: r-devel-linux-x86_64-debian-clang, r-devel-linux-x86_64-debian-gcc, r-patched-linux-x86_64, r-release-linux-x86_64, r-release-windows-x86_64