Last updated on 2025-07-24 21:49:44 CEST.
Flavor | Version | Tinstall | Tcheck | Ttotal | Status | Flags |
---|---|---|---|---|---|---|
r-devel-linux-x86_64-debian-clang | 1.5.0 | 647.61 | 114.76 | 762.37 | OK | |
r-devel-linux-x86_64-debian-gcc | 1.5.1 | 471.24 | 138.50 | 609.74 | OK | |
r-devel-linux-x86_64-fedora-clang | 1.5.1 | 1261.42 | OK | |||
r-devel-linux-x86_64-fedora-gcc | 1.5.1 | 1515.28 | OK | |||
r-devel-windows-x86_64 | 1.5.0 | 612.00 | 215.00 | 827.00 | OK | |
r-patched-linux-x86_64 | 1.5.0 | 650.49 | 185.52 | 836.01 | OK | |
r-release-linux-x86_64 | 1.5.0 | 654.84 | 184.34 | 839.18 | OK | |
r-release-macos-arm64 | 1.5.0 | 196.00 | OK | |||
r-release-macos-x86_64 | 1.5.1 | 187.00 | OK | |||
r-release-windows-x86_64 | 1.5.0 | 598.00 | 214.00 | 812.00 | OK | |
r-oldrel-macos-arm64 | 1.5.0 | 229.00 | NOTE | |||
r-oldrel-macos-x86_64 | 1.5.1 | 204.00 | NOTE | |||
r-oldrel-windows-x86_64 | 1.5.0 | 722.00 | 245.00 | 967.00 | OK |
Version: 1.5.0
Check: installed package size
Result: NOTE
installed size is 82.0Mb
sub-directories of 1Mb or more:
libs 81.4Mb
Flavor: r-oldrel-macos-arm64
Version: 1.5.1
Check: installed package size
Result: NOTE
installed size is 83.6Mb
sub-directories of 1Mb or more:
libs 82.9Mb
Flavor: r-oldrel-macos-x86_64