Last updated on 2025-05-03 21:51:18 CEST.
Flavor | Version | Tinstall | Tcheck | Ttotal | Status | Flags |
---|---|---|---|---|---|---|
r-devel-linux-x86_64-debian-clang | 1.0.0 | 14.64 | 125.90 | 140.54 | NOTE | |
r-devel-linux-x86_64-debian-gcc | 1.0.0 | 10.34 | 91.55 | 101.89 | NOTE | |
r-devel-linux-x86_64-fedora-clang | 1.0.0 | 205.35 | NOTE | |||
r-devel-linux-x86_64-fedora-gcc | 1.0.0 | 215.62 | NOTE | |||
r-devel-windows-x86_64 | 1.0.0 | 16.00 | 120.00 | 136.00 | NOTE | |
r-patched-linux-x86_64 | 1.0.0 | 11.81 | 116.66 | 128.47 | NOTE | |
r-release-linux-x86_64 | NOTE | |||||
r-release-macos-arm64 | 1.0.0 | 66.00 | NOTE | |||
r-release-macos-x86_64 | 1.0.0 | 139.00 | NOTE | |||
r-release-windows-x86_64 | 1.0.0 | 13.00 | 119.00 | 132.00 | NOTE | |
r-oldrel-macos-arm64 | 1.0.0 | 65.00 | NOTE | |||
r-oldrel-macos-x86_64 | 1.0.0 | 93.00 | NOTE | |||
r-oldrel-windows-x86_64 | 1.0.0 | 18.00 | 153.00 | 171.00 | NOTE |
Version: 1.0.0
Check: Rd files
Result: NOTE
checkRd: (-1) mutlicol_terminator.Rd:23: Lost braces in \itemize; \value handles \item{}{} directly
checkRd: (-1) mutlicol_terminator.Rd:24: Lost braces in \itemize; \value handles \item{}{} directly
checkRd: (-1) mutlicol_terminator.Rd:25: Lost braces in \itemize; \value handles \item{}{} directly
checkRd: (-1) mutlicol_terminator.Rd:26: Lost braces in \itemize; \value handles \item{}{} directly
checkRd: (-1) rfeTerminator.Rd:42: Lost braces in \itemize; \value handles \item{}{} directly
checkRd: (-1) rfeTerminator.Rd:43: Lost braces in \itemize; \value handles \item{}{} directly
checkRd: (-1) rfeTerminator.Rd:44: Lost braces in \itemize; \value handles \item{}{} directly
checkRd: (-1) rfeTerminator.Rd:45: Lost braces in \itemize; \value handles \item{}{} directly
Flavors: r-devel-linux-x86_64-debian-clang, r-devel-linux-x86_64-debian-gcc, r-devel-linux-x86_64-fedora-clang, r-devel-linux-x86_64-fedora-gcc, r-devel-windows-x86_64, r-patched-linux-x86_64, r-release-linux-x86_64, r-release-macos-arm64, r-release-macos-x86_64, r-release-windows-x86_64, r-oldrel-macos-arm64, r-oldrel-macos-x86_64, r-oldrel-windows-x86_64
Version: 1.0.0
Check: dependencies in R code
Result: NOTE
Namespaces in Imports field not imported from:
‘e1071’ ‘lattice’ ‘randomForest’ ‘tibble’ ‘utils’
All declared Imports should be used.
Flavors: r-devel-linux-x86_64-fedora-clang, r-devel-linux-x86_64-fedora-gcc