Last updated on 2024-06-17 06:50:17 CEST.
Flavor | Version | Tinstall | Tcheck | Ttotal | Status | Flags |
---|---|---|---|---|---|---|
r-devel-linux-x86_64-debian-clang | 1.0.1 | 36.22 | 37.10 | 73.32 | OK | |
r-devel-linux-x86_64-debian-gcc | 1.0.1 | 29.84 | 27.76 | 57.60 | OK | |
r-devel-linux-x86_64-fedora-clang | 1.0.1 | 99.84 | OK | |||
r-devel-linux-x86_64-fedora-gcc | 1.0.1 | 102.26 | OK | |||
r-devel-windows-x86_64 | 1.0.1 | 33.00 | 73.00 | 106.00 | OK | |
r-patched-linux-x86_64 | 1.0.1 | 35.16 | 35.36 | 70.52 | OK | |
r-release-linux-x86_64 | 1.0.1 | 35.43 | 34.55 | 69.98 | OK | |
r-release-macos-arm64 | 1.0.1 | 32.00 | NOTE | |||
r-release-macos-x86_64 | 1.0.1 | 52.00 | NOTE | |||
r-release-windows-x86_64 | 1.0.1 | 35.00 | 78.00 | 113.00 | OK | |
r-oldrel-macos-arm64 | 1.0.1 | 34.00 | OK | |||
r-oldrel-macos-x86_64 | 1.0.1 | 50.00 | NOTE | |||
r-oldrel-windows-x86_64 | 1.0.1 | 31.00 | 83.00 | 114.00 | OK |
Version: 1.0.1
Check: installed package size
Result: NOTE
installed size is 5.2Mb
sub-directories of 1Mb or more:
data 2.6Mb
libs 2.5Mb
Flavors: r-release-macos-arm64, r-release-macos-x86_64, r-oldrel-macos-x86_64