Last updated on 2025-05-05 21:51:02 CEST.
Flavor | Version | Tinstall | Tcheck | Ttotal | Status | Flags |
---|---|---|---|---|---|---|
r-devel-linux-x86_64-debian-clang | 0.1.0 | 3.73 | 31.19 | 34.92 | NOTE | |
r-devel-linux-x86_64-debian-gcc | 0.1.0 | 3.25 | 24.72 | 27.97 | NOTE | |
r-devel-linux-x86_64-fedora-clang | 0.1.0 | 59.49 | OK | |||
r-devel-linux-x86_64-fedora-gcc | 0.1.0 | 52.67 | OK | |||
r-devel-windows-x86_64 | 0.1.0 | 5.00 | 49.00 | 54.00 | OK | |
r-patched-linux-x86_64 | 0.1.0 | 3.38 | 30.47 | 33.85 | OK | |
r-release-linux-x86_64 | 0.1.0 | 2.41 | 30.44 | 32.85 | OK | |
r-release-macos-arm64 | 0.1.0 | 22.00 | OK | |||
r-release-macos-x86_64 | 0.1.0 | 37.00 | OK | |||
r-release-windows-x86_64 | 0.1.0 | 5.00 | 51.00 | 56.00 | OK | |
r-oldrel-macos-arm64 | 0.1.0 | 21.00 | OK | |||
r-oldrel-macos-x86_64 | 0.1.0 | 29.00 | OK | |||
r-oldrel-windows-x86_64 | 0.1.0 | 6.00 | 56.00 | 62.00 | OK |
Version: 0.1.0
Check: CRAN incoming feasibility
Result: NOTE
Maintainer: ‘Marcos Bella-Fernández <marcosbellafernandez@gmail.com>’
No Authors@R field in DESCRIPTION.
Please add one, modifying
Authors@R: person(given = "Marcos",
family = "Bella-Fernández",
role = c("aut", "cre"),
email = "marcosbellafernandez@gmail.com")
as necessary.
Flavors: r-devel-linux-x86_64-debian-clang, r-devel-linux-x86_64-debian-gcc