Last updated on 2024-06-16 11:57:56 CEST.
Flavor | Version | Tinstall | Tcheck | Ttotal | Status | Flags |
---|---|---|---|---|---|---|
r-devel-linux-x86_64-debian-clang | 1.0.0 | 5.59 | 55.70 | 61.29 | OK | |
r-devel-linux-x86_64-debian-gcc | 1.0.0 | 4.42 | 41.85 | 46.27 | OK | |
r-devel-linux-x86_64-fedora-clang | 1.0.0 | 78.36 | NOTE | |||
r-devel-linux-x86_64-fedora-gcc | 1.0.0 | 85.13 | NOTE | |||
r-devel-windows-x86_64 | 1.0.0 | 6.00 | 62.00 | 68.00 | OK | |
r-patched-linux-x86_64 | 1.0.0 | 4.63 | 52.59 | 57.22 | OK | |
r-release-linux-x86_64 | 1.0.0 | 5.61 | 51.77 | 57.38 | OK | |
r-release-macos-arm64 | 1.0.0 | 30.00 | OK | |||
r-release-macos-x86_64 | 1.0.0 | 48.00 | OK | |||
r-release-windows-x86_64 | 1.0.0 | 7.00 | 64.00 | 71.00 | OK | |
r-oldrel-macos-arm64 | 1.0.0 | 35.00 | OK | |||
r-oldrel-macos-x86_64 | 1.0.0 | 72.00 | OK | |||
r-oldrel-windows-x86_64 | 1.0.0 | 9.00 | 68.00 | 77.00 | OK |
Version: 1.0.0
Check: dependencies in R code
Result: NOTE
Namespaces in Imports field not imported from:
‘knitr’ ‘utils’
All declared Imports should be used.
Flavors: r-devel-linux-x86_64-fedora-clang, r-devel-linux-x86_64-fedora-gcc