Last updated on 2025-05-04 06:50:11 CEST.
Flavor | Version | Tinstall | Tcheck | Ttotal | Status | Flags |
---|---|---|---|---|---|---|
r-devel-linux-x86_64-debian-clang | 1.2-3 | 78.33 | 69.69 | 148.02 | NOTE | |
r-devel-linux-x86_64-debian-gcc | 1.2-3 | 58.29 | 56.20 | 114.49 | NOTE | |
r-devel-linux-x86_64-fedora-clang | 1.2-3 | 246.90 | OK | |||
r-devel-linux-x86_64-fedora-gcc | 1.2-3 | 239.91 | OK | |||
r-devel-windows-x86_64 | 1.2-3 | 78.00 | 81.00 | 159.00 | NOTE | |
r-patched-linux-x86_64 | 1.2-3 | 78.91 | 68.19 | 147.10 | NOTE | |
r-release-linux-x86_64 | NOTE | |||||
r-release-macos-arm64 | 1.2-3 | 100.00 | OK | |||
r-release-macos-x86_64 | 1.2-3 | 154.00 | OK | |||
r-release-windows-x86_64 | 1.2-3 | 76.00 | 81.00 | 157.00 | NOTE | |
r-oldrel-macos-arm64 | 1.2-3 | 91.00 | NOTE | |||
r-oldrel-macos-x86_64 | 1.2-3 | 114.00 | NOTE | |||
r-oldrel-windows-x86_64 | 1.2-3 | 109.00 | 98.00 | 207.00 | NOTE |
Version: 1.2-3
Check: CRAN incoming feasibility
Result: NOTE
Maintainer: ‘Ulrike Groemping <ulrike.groemping@bht-berlin.de>’
No Authors@R field in DESCRIPTION.
Please add one, modifying
Authors@R: person(given = "Ulrike",
family = "Groemping",
role = c("aut", "cre"),
email = "ulrike.groemping@bht-berlin.de")
as necessary.
Flavors: r-devel-linux-x86_64-debian-clang, r-devel-linux-x86_64-debian-gcc
Version: 1.2-3
Check: Rd cross-references
Result: NOTE
Found the following Rd file(s) with Rd \link{} targets missing package
anchors:
Catalogues.Rd: FrF2
Please provide package anchors for all Rd \link{} targets not in the
package itself and the base packages.
Flavors: r-devel-linux-x86_64-debian-clang, r-devel-linux-x86_64-debian-gcc, r-devel-windows-x86_64, r-patched-linux-x86_64, r-release-linux-x86_64, r-release-windows-x86_64
Version: 1.2-3
Check: installed package size
Result: NOTE
installed size is 6.7Mb
sub-directories of 1Mb or more:
R 6.6Mb
Flavors: r-oldrel-macos-arm64, r-oldrel-macos-x86_64, r-oldrel-windows-x86_64