Last updated on 2024-06-16 11:57:56 CEST.
Flavor | Version | Tinstall | Tcheck | Ttotal | Status | Flags |
---|---|---|---|---|---|---|
r-devel-linux-x86_64-debian-clang | 1.2-3 | 90.08 | 89.15 | 179.23 | OK | |
r-devel-linux-x86_64-debian-gcc | 1.2-3 | 77.79 | 69.96 | 147.75 | OK | |
r-devel-linux-x86_64-fedora-clang | 1.2-3 | 198.00 | NOTE | |||
r-devel-linux-x86_64-fedora-gcc | 1.2-3 | 232.54 | OK | |||
r-devel-windows-x86_64 | 1.2-3 | 75.00 | 84.00 | 159.00 | NOTE | |
r-patched-linux-x86_64 | 1.2-3 | 85.80 | 86.09 | 171.89 | OK | |
r-release-linux-x86_64 | 1.2-3 | 84.89 | 83.91 | 168.80 | OK | |
r-release-macos-arm64 | 1.2-3 | 91.00 | NOTE | |||
r-release-macos-x86_64 | 1.2-3 | 114.00 | NOTE | |||
r-release-windows-x86_64 | 1.2-3 | 80.00 | 84.00 | 164.00 | NOTE | |
r-oldrel-macos-arm64 | 1.2-3 | 99.00 | NOTE | |||
r-oldrel-macos-x86_64 | 1.2-3 | 256.00 | NOTE | |||
r-oldrel-windows-x86_64 | 1.2-3 | 104.00 | 96.00 | 200.00 | NOTE |
Version: 1.2-3
Check: installed package size
Result: NOTE
installed size is 5.8Mb
sub-directories of 1Mb or more:
R 5.7Mb
Flavors: r-devel-linux-x86_64-fedora-clang, r-devel-windows-x86_64, r-release-macos-arm64, r-release-macos-x86_64, r-release-windows-x86_64, r-oldrel-macos-arm64, r-oldrel-macos-x86_64, r-oldrel-windows-x86_64