Last updated on 2025-05-03 21:51:18 CEST.
Flavor | Version | Tinstall | Tcheck | Ttotal | Status | Flags |
---|---|---|---|---|---|---|
r-devel-linux-x86_64-debian-clang | 1.0 | 18.07 | 129.31 | 147.38 | NOTE | |
r-devel-linux-x86_64-debian-gcc | 1.0 | 12.68 | 93.51 | 106.19 | NOTE | |
r-devel-linux-x86_64-fedora-clang | 1.0 | 221.61 | NOTE | |||
r-devel-linux-x86_64-fedora-gcc | 1.0 | 223.20 | NOTE | |||
r-devel-windows-x86_64 | 1.0 | 20.00 | 127.00 | 147.00 | OK | |
r-patched-linux-x86_64 | 1.0 | 16.47 | 122.02 | 138.49 | OK | |
r-release-linux-x86_64 | OK | |||||
r-release-macos-arm64 | 1.0 | 61.00 | OK | |||
r-release-macos-x86_64 | 1.0 | 109.00 | OK | |||
r-release-windows-x86_64 | 1.0 | 21.00 | 128.00 | 149.00 | OK | |
r-oldrel-macos-arm64 | 1.0 | 58.00 | OK | |||
r-oldrel-macos-x86_64 | 1.0 | 86.00 | OK | |||
r-oldrel-windows-x86_64 | 1.0 | 26.00 | 163.00 | 189.00 | OK |
Version: 1.0
Check: CRAN incoming feasibility
Result: NOTE
Maintainer: ‘Barinder Thind <barinder.thi@gmail.com>’
Package CITATION file contains call(s) to old-style personList() or
as.personList(). Please use c() on person objects instead.
Package CITATION file contains call(s) to old-style citEntry(). Please
use bibentry() instead.
The Description field contains
discussion found in Thind, Multani and Cao (2020) <arXiv:2006.09590>
Please refer to arXiv e-prints via their arXiv DOI <doi:10.48550/arXiv.YYMM.NNNNN>.
Flavors: r-devel-linux-x86_64-debian-clang, r-devel-linux-x86_64-debian-gcc
Version: 1.0
Check: dependencies in R code
Result: NOTE
Namespace in Imports field not imported from: ‘foreach’
All declared Imports should be used.
Flavors: r-devel-linux-x86_64-fedora-clang, r-devel-linux-x86_64-fedora-gcc