CRAN Package Check Results for Package GANPAdata

Last updated on 2025-05-07 12:50:23 CEST.

Flavor Version Tinstall Tcheck Ttotal Status Flags
r-devel-linux-x86_64-debian-clang 1.0 1.60 24.47 26.07 NOTE
r-devel-linux-x86_64-debian-gcc 1.0 1.21 18.52 19.73 NOTE
r-devel-linux-x86_64-fedora-clang 1.0 37.00 OK
r-devel-linux-x86_64-fedora-gcc 1.0 35.64 OK
r-devel-windows-x86_64 1.0 2.00 47.00 49.00 OK
r-patched-linux-x86_64 1.0 1.48 23.61 25.09 OK
r-release-linux-x86_64 1.0 1.24 23.76 25.00 OK
r-release-macos-arm64 1.0 18.00 OK
r-release-macos-x86_64 1.0 40.00 OK
r-release-windows-x86_64 1.0 3.00 48.00 51.00 OK
r-oldrel-macos-arm64 1.0 16.00 OK
r-oldrel-macos-x86_64 1.0 38.00 OK
r-oldrel-windows-x86_64 1.0 3.00 48.00 51.00 OK

Check Details

Version: 1.0
Check: CRAN incoming feasibility
Result: NOTE Maintainer: ‘Zhaoyuan Fang <fangzhaoyuan@sibs.ac.cn>’ No Authors@R field in DESCRIPTION. Please add one, modifying Authors@R: c(person(given = "Zhaoyuan", family = "Fang", role = c("aut", "cre"), email = "fangzhaoyuan@sibs.ac.cn"), person(given = "Weidong", family = "Tian", role = "aut"), person(given = "Hongbin", family = "Ji", role = "aut")) as necessary. Flavors: r-devel-linux-x86_64-debian-clang, r-devel-linux-x86_64-debian-gcc