CRAN Package Check Results for Package GCD

Last updated on 2025-05-07 12:50:23 CEST.

Flavor Version Tinstall Tcheck Ttotal Status Flags
r-devel-linux-x86_64-debian-clang 4.0.7 1.36 33.87 35.23 NOTE
r-devel-linux-x86_64-debian-gcc 4.0.7 1.43 25.59 27.02 NOTE
r-devel-linux-x86_64-fedora-clang 4.0.7 56.58 NOTE
r-devel-linux-x86_64-fedora-gcc 4.0.7 54.60 NOTE
r-devel-windows-x86_64 4.0.7 4.00 55.00 59.00 OK
r-patched-linux-x86_64 4.0.7 2.01 31.59 33.60 OK
r-release-linux-x86_64 4.0.7 1.74 32.06 33.80 OK
r-release-macos-arm64 4.0.7 23.00 OK
r-release-macos-x86_64 4.0.7 44.00 OK
r-release-windows-x86_64 4.0.7 3.00 54.00 57.00 OK
r-oldrel-macos-arm64 4.0.7 23.00 NOTE
r-oldrel-macos-x86_64 4.0.7 30.00 NOTE
r-oldrel-windows-x86_64 4.0.7 4.00 62.00 66.00 NOTE

Check Details

Version: 4.0.7
Check: CRAN incoming feasibility
Result: NOTE Maintainer: ‘Olivier Blarquez <blarquez@gmail.com>’ No Authors@R field in DESCRIPTION. Please add one, modifying Authors@R: c(person(given = c("Global", "Paleofire", "Working"), family = "Group", role = "aut", email = "paleofire@univ-fcomte.fr"), person(given = "Olivier", family = "Blarquez", role = "cre", email = "blarquez@gmail.com")) as necessary. Flavors: r-devel-linux-x86_64-debian-clang, r-devel-linux-x86_64-debian-gcc

Version: 4.0.7
Check: dependencies in R code
Result: NOTE Namespace in Imports field not imported from: ‘raster’ All declared Imports should be used. Flavors: r-devel-linux-x86_64-fedora-clang, r-devel-linux-x86_64-fedora-gcc

Version: 4.0.7
Check: package dependencies
Result: NOTE Package suggested but not available for checking: ‘paleofire’ Flavors: r-oldrel-macos-arm64, r-oldrel-macos-x86_64, r-oldrel-windows-x86_64