Last updated on 2025-05-03 12:54:42 CEST.
Flavor | Version | Tinstall | Tcheck | Ttotal | Status | Flags |
---|---|---|---|---|---|---|
r-devel-linux-x86_64-debian-clang | 1.7 | 5.52 | 39.51 | 45.03 | NOTE | |
r-devel-linux-x86_64-debian-gcc | 1.7 | 3.81 | 29.90 | 33.71 | NOTE | |
r-devel-linux-x86_64-fedora-clang | 1.7 | 71.95 | OK | |||
r-devel-linux-x86_64-fedora-gcc | 1.7 | 65.79 | OK | |||
r-devel-windows-x86_64 | 1.7 | 6.00 | 55.00 | 61.00 | OK | |
r-patched-linux-x86_64 | 1.7 | 5.47 | 37.14 | 42.61 | OK | |
r-release-linux-x86_64 | OK | |||||
r-release-macos-arm64 | 1.7 | 27.00 | OK | |||
r-release-macos-x86_64 | 1.7 | 44.00 | OK | |||
r-release-windows-x86_64 | 1.7 | 6.00 | 56.00 | 62.00 | OK | |
r-oldrel-macos-arm64 | 1.7 | 24.00 | OK | |||
r-oldrel-macos-x86_64 | 1.7 | 37.00 | OK | |||
r-oldrel-windows-x86_64 | 1.7 | 7.00 | 65.00 | 72.00 | OK |
Version: 1.7
Check: CRAN incoming feasibility
Result: NOTE
Maintainer: ‘Stephen R. Haptonstahl <srh@haptonstahl.org>’
No Authors@R field in DESCRIPTION.
Please add one, modifying
Authors@R: c(person(given = c("Stephen", "R."),
family = "Haptonstahl",
role = c("aut", "cre"),
email = "srh@haptonstahl.org"),
person(given = "Thomas",
family = "Scherer",
role = "aut"),
person(given = "Timo",
family = "Thoms",
role = "aut"),
person(given = "Patrick",
family = "Wheatley",
role = "aut"))
as necessary.
Flavors: r-devel-linux-x86_64-debian-clang, r-devel-linux-x86_64-debian-gcc