Last updated on 2025-05-03 21:51:19 CEST.
Flavor | Version | Tinstall | Tcheck | Ttotal | Status | Flags |
---|---|---|---|---|---|---|
r-devel-linux-x86_64-debian-clang | 2.9.4 | 174.04 | 109.17 | 283.21 | NOTE | |
r-devel-linux-x86_64-debian-gcc | 2.9.9 | 121.35 | 73.60 | 194.95 | OK | |
r-devel-linux-x86_64-fedora-clang | 2.9.9 | 547.41 | OK | |||
r-devel-linux-x86_64-fedora-gcc | 2.9.9 | 558.83 | OK | |||
r-devel-windows-x86_64 | 2.9.4 | 196.00 | 145.00 | 341.00 | NOTE | |
r-patched-linux-x86_64 | 2.9.9 | 167.93 | 100.50 | 268.43 | OK | |
r-release-linux-x86_64 | NOTE | |||||
r-release-macos-arm64 | 2.9.9 | 112.00 | OK | |||
r-release-macos-x86_64 | 2.9.9 | 165.00 | OK | |||
r-release-windows-x86_64 | 2.9.9 | 192.00 | 138.00 | 330.00 | OK | |
r-oldrel-macos-arm64 | 2.9.9 | 113.00 | NOTE | |||
r-oldrel-macos-x86_64 | 2.9.9 | 165.00 | NOTE | |||
r-oldrel-windows-x86_64 | 2.9.9 | 180.00 | 188.00 | 368.00 | OK |
Version: 2.9.4
Check: Rd files
Result: NOTE
checkRd: (-1) GMSCDM.Rd:25: Lost braces; missing escapes or markup?
25 | representing restricted GMS-DINA and GMS-DINO models where delta_{jm1} are equal for all strategies. Note that only a single model can be used
| ^
Flavors: r-devel-linux-x86_64-debian-clang, r-devel-windows-x86_64, r-release-linux-x86_64
Version: 2.9.9
Check: installed package size
Result: NOTE
installed size is 13.3Mb
sub-directories of 1Mb or more:
libs 12.3Mb
Flavors: r-oldrel-macos-arm64, r-oldrel-macos-x86_64