Last updated on 2025-05-03 21:51:19 CEST.
Flavor | Version | Tinstall | Tcheck | Ttotal | Status | Flags |
---|---|---|---|---|---|---|
r-devel-linux-x86_64-debian-clang | 0.3.3 | 6.86 | 62.32 | 69.18 | NOTE | |
r-devel-linux-x86_64-debian-gcc | 0.3.3 | 4.41 | 44.35 | 48.76 | NOTE | |
r-devel-linux-x86_64-fedora-clang | 0.3.3 | 119.32 | NOTE | |||
r-devel-linux-x86_64-fedora-gcc | 0.3.3 | 118.74 | NOTE | |||
r-devel-windows-x86_64 | 0.3.3 | 8.00 | 74.00 | 82.00 | NOTE | |
r-patched-linux-x86_64 | 0.3.3 | 6.11 | 61.06 | 67.17 | NOTE | |
r-release-linux-x86_64 | NOTE | |||||
r-release-macos-arm64 | 0.3.3 | 38.00 | NOTE | |||
r-release-macos-x86_64 | 0.3.3 | 69.00 | NOTE | |||
r-release-windows-x86_64 | 0.3.3 | 9.00 | 93.00 | 102.00 | NOTE | |
r-oldrel-macos-arm64 | 0.3.3 | 36.00 | NOTE | |||
r-oldrel-macos-x86_64 | 0.3.3 | 55.00 | NOTE | |||
r-oldrel-windows-x86_64 | 0.3.3 | 10.00 | 90.00 | 100.00 | NOTE |
Version: 0.3.3
Check: CRAN incoming feasibility
Result: NOTE
Maintainer: ‘Sarah Friedrich <sarah.friedrich@math.uni-augsburg.de>’
No Authors@R field in DESCRIPTION.
Please add one, modifying
Authors@R: c(person(given = "Sarah",
family = "Friedrich",
role = c("aut", "cre"),
email = "sarah.friedrich@math.uni-augsburg.de"),
person(given = "Frank",
family = "Konietschke",
role = "aut"),
person(given = "Markus",
family = "Pauly",
role = "aut"),
person(given = "Marc",
family = "Ditzhaus",
role = "aut"),
person(given = "Philipp",
family = "Steinhauer",
role = "aut"))
as necessary.
Flavors: r-devel-linux-x86_64-debian-clang, r-devel-linux-x86_64-debian-gcc
Version: 0.3.3
Check: Rd files
Result: NOTE
checkRd: (-1) QANOVA.Rd:62: Lost braces in \itemize; meant \describe ?
checkRd: (-1) QANOVA.Rd:63: Lost braces in \itemize; meant \describe ?
checkRd: (-1) QANOVA.Rd:64-66: Lost braces in \itemize; meant \describe ?
checkRd: (-1) QANOVA.Rd:67: Lost braces in \itemize; meant \describe ?
Flavors: r-devel-linux-x86_64-debian-clang, r-devel-linux-x86_64-debian-gcc, r-devel-linux-x86_64-fedora-clang, r-devel-linux-x86_64-fedora-gcc, r-devel-windows-x86_64, r-patched-linux-x86_64, r-release-linux-x86_64, r-release-macos-arm64, r-release-macos-x86_64, r-release-windows-x86_64, r-oldrel-macos-arm64, r-oldrel-macos-x86_64, r-oldrel-windows-x86_64
Version: 0.3.3
Check: package dependencies
Result: NOTE
Package suggested but not available for checking: ‘RGtk2’
Flavors: r-oldrel-macos-arm64, r-oldrel-macos-x86_64, r-oldrel-windows-x86_64