Last updated on 2025-07-23 21:51:46 CEST.
Flavor | Version | Tinstall | Tcheck | Ttotal | Status | Flags |
---|---|---|---|---|---|---|
r-devel-linux-x86_64-debian-clang | 1.4.5 | 27.59 | 242.73 | 270.32 | NOTE | |
r-devel-linux-x86_64-debian-gcc | 1.4.5 | 16.46 | 149.19 | 165.65 | NOTE | |
r-devel-linux-x86_64-fedora-clang | 1.4.5 | 466.70 | NOTE | |||
r-devel-linux-x86_64-fedora-gcc | 1.4.5 | 438.24 | NOTE | |||
r-devel-windows-x86_64 | 1.4.5 | 23.00 | 190.00 | 213.00 | NOTE | |
r-patched-linux-x86_64 | 1.4.5 | 26.15 | 221.86 | 248.01 | NOTE | |
r-release-linux-x86_64 | 1.4.5 | 24.54 | 222.63 | 247.17 | NOTE | |
r-release-macos-arm64 | 1.4.5 | 87.00 | NOTE | |||
r-release-macos-x86_64 | 1.4.5 | 252.00 | NOTE | |||
r-release-windows-x86_64 | 1.4.5 | 24.00 | 188.00 | 212.00 | NOTE | |
r-oldrel-macos-arm64 | 1.4.5 | 108.00 | OK | |||
r-oldrel-macos-x86_64 | 1.4.5 | 188.00 | OK | |||
r-oldrel-windows-x86_64 | 1.4.5 | 33.00 | 262.00 | 295.00 | OK |
Version: 1.4.5
Check: DESCRIPTION meta-information
Result: NOTE
Missing dependency on R >= 4.1.0 because package code uses the pipe
|> or function shorthand \(...) syntax added in R 4.1.0.
File(s) using such syntax:
‘annual.R’ ‘anomaly.R’ ‘coverage.R’ ‘daily.R’ ‘flags.R’
‘get-country-shapefile.R’ ‘monthly.R’ ‘quarterly.R’ ‘s3_classes.R’
‘stations.R’ ‘utils.R’
Flavors: r-devel-linux-x86_64-debian-clang, r-devel-linux-x86_64-debian-gcc, r-devel-linux-x86_64-fedora-clang, r-devel-linux-x86_64-fedora-gcc, r-devel-windows-x86_64, r-patched-linux-x86_64, r-release-linux-x86_64, r-release-macos-arm64, r-release-macos-x86_64, r-release-windows-x86_64