Last updated on 2025-05-04 03:50:54 CEST.
Flavor | Version | Tinstall | Tcheck | Ttotal | Status | Flags |
---|---|---|---|---|---|---|
r-devel-linux-x86_64-debian-clang | 0.8 | 2.19 | 19.19 | 21.38 | NOTE | |
r-devel-linux-x86_64-debian-gcc | 0.8 | 1.93 | 16.02 | 17.95 | NOTE | |
r-devel-linux-x86_64-fedora-clang | 0.8 | 33.85 | OK | |||
r-devel-linux-x86_64-fedora-gcc | 0.8 | 32.74 | OK | |||
r-devel-windows-x86_64 | 0.8 | 5.00 | 44.00 | 49.00 | OK | |
r-patched-linux-x86_64 | 0.8 | 1.97 | 18.85 | 20.82 | OK | |
r-release-linux-x86_64 | OK | |||||
r-release-macos-arm64 | 0.8 | 19.00 | OK | |||
r-release-macos-x86_64 | 0.8 | 44.00 | OK | |||
r-release-windows-x86_64 | 0.8 | 6.00 | 45.00 | 51.00 | OK | |
r-oldrel-macos-arm64 | 0.8 | 20.00 | OK | |||
r-oldrel-macos-x86_64 | 0.8 | 27.00 | OK | |||
r-oldrel-windows-x86_64 | 0.8 | 5.00 | 45.00 | 50.00 | OK |
Version: 0.8
Check: CRAN incoming feasibility
Result: NOTE
Maintainer: ‘Josef Leydold <josef.leydold@wu.ac.at>’
No Authors@R field in DESCRIPTION.
Please add one, modifying
Authors@R: c(person(given = "Josef",
family = "Leydold",
role = c("aut", "cre"),
email = "josef.leydold@wu.ac.at"),
person(given = "Wolfgang",
family = "Hormann",
role = "aut"))
as necessary.
Flavors: r-devel-linux-x86_64-debian-clang, r-devel-linux-x86_64-debian-gcc