Last updated on 2025-05-06 06:49:56 CEST.
Flavor | Version | Tinstall | Tcheck | Ttotal | Status | Flags |
---|---|---|---|---|---|---|
r-devel-linux-x86_64-debian-clang | 1.6 | 2.30 | 24.25 | 26.55 | NOTE | |
r-devel-linux-x86_64-debian-gcc | 1.6 | 1.71 | 18.71 | 20.42 | NOTE | |
r-devel-linux-x86_64-fedora-clang | 1.6 | 41.87 | OK | |||
r-devel-linux-x86_64-fedora-gcc | 1.6 | 39.79 | OK | |||
r-devel-windows-x86_64 | 1.6 | 4.00 | 49.00 | 53.00 | OK | |
r-patched-linux-x86_64 | 1.6 | 2.33 | 23.94 | 26.27 | OK | |
r-release-linux-x86_64 | 1.6 | 2.27 | 23.44 | 25.71 | OK | |
r-release-macos-arm64 | 1.6 | 19.00 | OK | |||
r-release-macos-x86_64 | 1.6 | 30.00 | OK | |||
r-release-windows-x86_64 | 1.6 | 3.00 | 51.00 | 54.00 | OK | |
r-oldrel-macos-arm64 | 1.6 | 16.00 | OK | |||
r-oldrel-macos-x86_64 | 1.6 | 25.00 | OK | |||
r-oldrel-windows-x86_64 | 1.6 | 3.00 | 52.00 | 55.00 | OK |
Version: 1.6
Check: CRAN incoming feasibility
Result: NOTE
Maintainer: ‘Osman Dag <osman.dag@hacettepe.edu.tr>’
No Authors@R field in DESCRIPTION.
Please add one, modifying
Authors@R: c(person(given = "Osman",
family = "Dag",
role = c("aut", "cre"),
email = "osman.dag@hacettepe.edu.tr"),
person(given = "Ceylan",
family = "Yozgatligil",
role = "aut"))
as necessary.
Flavors: r-devel-linux-x86_64-debian-clang, r-devel-linux-x86_64-debian-gcc