Last updated on 2025-05-04 06:50:12 CEST.
Flavor | Version | Tinstall | Tcheck | Ttotal | Status | Flags |
---|---|---|---|---|---|---|
r-devel-linux-x86_64-debian-clang | 1.1.5 | 113.29 | 52.22 | 165.51 | NOTE | |
r-devel-linux-x86_64-debian-gcc | 1.1.5 | 90.96 | 41.18 | 132.14 | NOTE | |
r-devel-linux-x86_64-fedora-clang | 1.1.5 | 295.91 | NOTE | |||
r-devel-linux-x86_64-fedora-gcc | 1.1.5 | 366.31 | NOTE | |||
r-devel-windows-x86_64 | 1.1.5 | 142.00 | 97.00 | 239.00 | NOTE | |
r-patched-linux-x86_64 | 1.1.5 | 115.26 | 51.04 | 166.30 | NOTE | |
r-release-linux-x86_64 | NOTE | |||||
r-release-macos-arm64 | 1.1.5 | 90.00 | NOTE | |||
r-release-macos-x86_64 | 1.1.5 | 112.00 | NOTE | |||
r-release-windows-x86_64 | 1.1.5 | 138.00 | 100.00 | 238.00 | NOTE | |
r-oldrel-macos-arm64 | 1.1.5 | 48.00 | NOTE | |||
r-oldrel-macos-x86_64 | 1.1.5 | 56.00 | NOTE | |||
r-oldrel-windows-x86_64 | 1.1.5 | 162.00 | 112.00 | 274.00 | NOTE |
Version: 1.1.5
Check: CRAN incoming feasibility
Result: NOTE
Maintainer: ‘Charlie Wusuo Liu <liuwusuo@gmail.com>’
No Authors@R field in DESCRIPTION.
Please add one, modifying
Authors@R: person(given = c("Charlie", "Wusuo"),
family = "Liu",
role = c("aut", "cre"),
email = "liuwusuo@gmail.com")
as necessary.
Flavors: r-devel-linux-x86_64-debian-clang, r-devel-linux-x86_64-debian-gcc
Version: 1.1.5
Check: C++ specification
Result: NOTE
Specified C++11: please drop specification unless essential
Flavors: r-devel-linux-x86_64-debian-clang, r-devel-linux-x86_64-debian-gcc, r-devel-linux-x86_64-fedora-clang, r-devel-linux-x86_64-fedora-gcc, r-devel-windows-x86_64, r-patched-linux-x86_64, r-release-linux-x86_64, r-release-macos-arm64, r-release-macos-x86_64, r-release-windows-x86_64, r-oldrel-macos-arm64, r-oldrel-macos-x86_64, r-oldrel-windows-x86_64
Version: 1.1.5
Check: installed package size
Result: NOTE
installed size is 11.0Mb
sub-directories of 1Mb or more:
libs 10.9Mb
Flavors: r-oldrel-macos-arm64, r-oldrel-macos-x86_64
Version: 1.1.5
Check: for GNU extensions in Makefiles
Result: NOTE
GNU make is a SystemRequirements.
Flavors: r-oldrel-macos-arm64, r-oldrel-macos-x86_64, r-oldrel-windows-x86_64