Last updated on 2025-05-03 21:51:20 CEST.
Flavor | Version | Tinstall | Tcheck | Ttotal | Status | Flags |
---|---|---|---|---|---|---|
r-devel-linux-x86_64-debian-clang | 1.4 | 9.13 | 583.84 | 592.97 | OK | |
r-devel-linux-x86_64-debian-gcc | 1.4 | 7.19 | 367.39 | 374.58 | OK | |
r-devel-linux-x86_64-fedora-clang | 1.4 | 967.45 | OK | |||
r-devel-linux-x86_64-fedora-gcc | 1.4 | 951.98 | OK | |||
r-devel-windows-x86_64 | 1.4 | 11.00 | 144.00 | 155.00 | OK | --no-vignettes |
r-patched-linux-x86_64 | 1.4 | 8.57 | 560.31 | 568.88 | OK | |
r-release-linux-x86_64 | OK | |||||
r-release-macos-arm64 | 1.4 | 309.00 | OK | |||
r-release-macos-x86_64 | 1.4 | 469.00 | OK | |||
r-release-windows-x86_64 | 1.4 | 11.00 | 137.00 | 148.00 | OK | --no-vignettes |
r-oldrel-macos-arm64 | 1.4 | 216.00 | NOTE | |||
r-oldrel-macos-x86_64 | 1.4 | 393.00 | NOTE | |||
r-oldrel-windows-x86_64 | 1.4 | 14.00 | 154.00 | 168.00 | NOTE | --no-vignettes |
Version: 1.4
Check: installed package size
Result: NOTE
installed size is 5.2Mb
sub-directories of 1Mb or more:
data 1.4Mb
doc 3.5Mb
Flavors: r-oldrel-macos-arm64, r-oldrel-macos-x86_64
Version: 1.4
Flags: --no-vignettes
Check: installed package size
Result: NOTE
installed size is 5.2Mb
sub-directories of 1Mb or more:
data 1.4Mb
doc 3.5Mb
Flavor: r-oldrel-windows-x86_64