CRAN Package Check Results for Package GRCdata

Last updated on 2025-07-24 12:51:26 CEST.

Flavor Version Tinstall Tcheck Ttotal Status Flags
r-devel-linux-x86_64-debian-clang 1.0 2.86 25.21 28.07 NOTE
r-devel-linux-x86_64-debian-gcc 1.0 2.08 20.05 22.13 NOTE
r-devel-linux-x86_64-fedora-clang 1.0 43.27 OK
r-devel-linux-x86_64-fedora-gcc 1.0 41.18 OK
r-devel-windows-x86_64 1.0 3.00 43.00 46.00 OK
r-patched-linux-x86_64 1.0 2.59 24.05 26.64 OK
r-release-linux-x86_64 1.0 2.66 24.16 26.82 OK
r-release-macos-arm64 1.0 18.00 OK
r-release-macos-x86_64 1.0 27.00 OK
r-release-windows-x86_64 1.0 4.00 44.00 48.00 OK
r-oldrel-macos-arm64 1.0 18.00 OK
r-oldrel-macos-x86_64 1.0 24.00 OK
r-oldrel-windows-x86_64 1.0 5.00 49.00 54.00 OK

Check Details

Version: 1.0
Check: CRAN incoming feasibility
Result: NOTE Maintainer: ‘Xin Guo <x.guo@polyu.edu.hk>’ No Authors@R field in DESCRIPTION. Please add one, modifying Authors@R: c(person(given = "Xin", family = "Guo", role = c("aut", "cre"), email = "x.guo@polyu.edu.hk"), person(given = "Qiang", family = "Fu", role = "aut", email = "qiang.fu@ubc.ca")) as necessary. Flavors: r-devel-linux-x86_64-debian-clang, r-devel-linux-x86_64-debian-gcc