Last updated on 2024-06-17 06:50:18 CEST.
Flavor | Version | Tinstall | Tcheck | Ttotal | Status | Flags |
---|---|---|---|---|---|---|
r-devel-linux-x86_64-debian-clang | 2.0.1 | 5.14 | 54.53 | 59.67 | NOTE | |
r-devel-linux-x86_64-debian-gcc | 2.0.1 | 4.19 | 43.19 | 47.38 | NOTE | |
r-devel-linux-x86_64-fedora-clang | 2.0.1 | 71.46 | NOTE | |||
r-devel-linux-x86_64-fedora-gcc | 2.0.1 | 73.73 | NOTE | |||
r-devel-windows-x86_64 | 2.0.1 | 5.00 | 62.00 | 67.00 | OK | |
r-patched-linux-x86_64 | 2.0.1 | 5.19 | 53.72 | 58.91 | NOTE | |
r-release-linux-x86_64 | 2.0.1 | 4.06 | 54.07 | 58.13 | NOTE | |
r-release-macos-arm64 | 2.0.1 | 30.00 | OK | |||
r-release-macos-x86_64 | 2.0.1 | 41.00 | OK | |||
r-release-windows-x86_64 | 2.0.1 | 6.00 | 64.00 | 70.00 | OK | |
r-oldrel-macos-arm64 | 2.0.1 | 31.00 | OK | |||
r-oldrel-macos-x86_64 | 2.0.1 | 44.00 | OK | |||
r-oldrel-windows-x86_64 | 2.0.1 | 6.00 | 69.00 | 75.00 | OK |
Version: 2.0.1
Check: for non-standard things in the check directory
Result: NOTE
Found the following files/directories:
‘RRprof.out’
Flavors: r-devel-linux-x86_64-debian-clang, r-devel-linux-x86_64-debian-gcc, r-devel-linux-x86_64-fedora-clang, r-devel-linux-x86_64-fedora-gcc, r-patched-linux-x86_64, r-release-linux-x86_64