Last updated on 2025-07-22 12:49:33 CEST.
Flavor | Version | Tinstall | Tcheck | Ttotal | Status | Flags |
---|---|---|---|---|---|---|
r-devel-linux-x86_64-debian-clang | 0.2.0 | 5.84 | 1579.61 | 1585.45 | OK | |
r-devel-linux-x86_64-debian-gcc | 0.2.0 | 4.77 | 889.62 | 894.39 | OK | |
r-devel-linux-x86_64-fedora-clang | 0.2.0 | 2098.29 | OK | |||
r-devel-linux-x86_64-fedora-gcc | FAIL | |||||
r-devel-windows-x86_64 | 0.2.0 | 8.00 | 1131.00 | 1139.00 | OK | |
r-patched-linux-x86_64 | 0.2.0 | 7.01 | 1406.04 | 1413.05 | OK | |
r-release-linux-x86_64 | 0.2.0 | 6.44 | 1439.33 | 1445.77 | OK | |
r-release-macos-arm64 | 0.2.0 | 481.00 | OK | |||
r-release-macos-x86_64 | 0.2.0 | 1204.00 | OK | |||
r-release-windows-x86_64 | 0.2.0 | 8.00 | 1180.00 | 1188.00 | OK | |
r-oldrel-macos-arm64 | 0.2.0 | 504.00 | OK | |||
r-oldrel-macos-x86_64 | 0.2.0 | 874.00 | OK | |||
r-oldrel-windows-x86_64 | 0.2.0 | 11.00 | 1630.00 | 1641.00 | OK |
Version: 0.2.0
Check: package subdirectories
Result: FAIL
Flavor: r-devel-linux-x86_64-fedora-gcc