CRAN Package Check Results for Package GetLattesData

Last updated on 2025-05-03 12:54:42 CEST.

Flavor Version Tinstall Tcheck Ttotal Status Flags
r-devel-linux-x86_64-debian-clang 1.5 2.71 45.38 48.09 NOTE
r-devel-linux-x86_64-debian-gcc 1.5 1.87 34.20 36.07 NOTE
r-devel-linux-x86_64-fedora-clang 1.5 75.17 NOTE
r-devel-linux-x86_64-fedora-gcc 1.5 85.91 NOTE
r-devel-windows-x86_64 1.5 5.00 66.00 71.00 NOTE
r-patched-linux-x86_64 1.5 2.72 43.91 46.63 NOTE
r-release-linux-x86_64 NOTE
r-release-macos-arm64 1.5 32.00 NOTE
r-release-macos-x86_64 1.5 58.00 NOTE
r-release-windows-x86_64 1.5 6.00 69.00 75.00 NOTE
r-oldrel-macos-arm64 1.5 38.00 NOTE
r-oldrel-macos-x86_64 1.5 50.00 NOTE
r-oldrel-windows-x86_64 1.5 5.00 78.00 83.00 NOTE

Check Details

Version: 1.5
Check: DESCRIPTION meta-information
Result: NOTE Missing dependency on R >= 4.1.0 because package code uses the pipe |> or function shorthand \(...) syntax added in R 4.1.0. File(s) using such syntax: ‘gld_read_lattes_zip.R’ Flavors: r-devel-linux-x86_64-debian-clang, r-devel-linux-x86_64-debian-gcc, r-devel-linux-x86_64-fedora-clang, r-devel-linux-x86_64-fedora-gcc, r-devel-windows-x86_64, r-patched-linux-x86_64, r-release-linux-x86_64, r-release-macos-arm64, r-release-macos-x86_64, r-release-windows-x86_64

Version: 1.5
Check: installed package size
Result: NOTE installed size is 5.1Mb sub-directories of 1Mb or more: extdata 4.9Mb Flavors: r-oldrel-macos-arm64, r-oldrel-macos-x86_64, r-oldrel-windows-x86_64