Last updated on 2025-05-03 12:54:42 CEST.
Flavor | Version | Tinstall | Tcheck | Ttotal | Status | Flags |
---|---|---|---|---|---|---|
r-devel-linux-x86_64-debian-clang | 1.0.0 | 1.92 | 23.80 | 25.72 | NOTE | |
r-devel-linux-x86_64-debian-gcc | 1.0.0 | 1.43 | 19.16 | 20.59 | NOTE | |
r-devel-linux-x86_64-fedora-clang | 1.0.0 | 41.66 | OK | |||
r-devel-linux-x86_64-fedora-gcc | 1.0.0 | 53.24 | OK | |||
r-devel-windows-x86_64 | 1.0.0 | 4.00 | 45.00 | 49.00 | OK | |
r-patched-linux-x86_64 | 1.0.0 | 1.94 | 23.32 | 25.26 | OK | |
r-release-linux-x86_64 | OK | |||||
r-release-macos-arm64 | 1.0.0 | 24.00 | OK | |||
r-release-macos-x86_64 | 1.0.0 | 40.00 | OK | |||
r-release-windows-x86_64 | 1.0.0 | 4.00 | 46.00 | 50.00 | OK | |
r-oldrel-macos-arm64 | 1.0.0 | 24.00 | OK | |||
r-oldrel-macos-x86_64 | 1.0.0 | 32.00 | OK | |||
r-oldrel-windows-x86_64 | 1.0.0 | 4.00 | 51.00 | 55.00 | OK |
Version: 1.0.0
Check: CRAN incoming feasibility
Result: NOTE
Maintainer: ‘Marcelo S. Perlin <marceloperlin@gmail.com>’
No Authors@R field in DESCRIPTION.
Please add one, modifying
Authors@R: person(given = c("Marcelo", "S."),
family = "Perlin",
role = c("aut", "cre"),
email = "marceloperlin@gmail.com")
as necessary.
Flavors: r-devel-linux-x86_64-debian-clang, r-devel-linux-x86_64-debian-gcc