CRAN Package Check Results for Package Ghost

Last updated on 2025-05-06 12:49:39 CEST.

Flavor Version Tinstall Tcheck Ttotal Status Flags
r-devel-linux-x86_64-debian-clang 0.1.0 3.24 19.03 22.27 NOTE
r-devel-linux-x86_64-debian-gcc 0.1.0 2.32 15.29 17.61 NOTE
r-devel-linux-x86_64-fedora-clang 0.1.0 35.24 NOTE
r-devel-linux-x86_64-fedora-gcc 0.1.0 33.50 NOTE
r-devel-windows-x86_64 0.1.0 4.00 42.00 46.00 OK
r-patched-linux-x86_64 0.1.0 3.49 18.54 22.03 OK
r-release-linux-x86_64 0.1.0 2.62 18.25 20.87 OK
r-release-macos-arm64 0.1.0 18.00 OK
r-release-macos-x86_64 0.1.0 26.00 OK
r-release-windows-x86_64 0.1.0 5.00 43.00 48.00 OK
r-oldrel-macos-arm64 0.1.0 16.00 OK
r-oldrel-macos-x86_64 0.1.0 25.00 OK
r-oldrel-windows-x86_64 0.1.0 4.00 45.00 49.00 OK

Check Details

Version: 0.1.0
Check: CRAN incoming feasibility
Result: NOTE Maintainer: ‘Siyavash Shabani <s.shabani.aut@gmail.com>’ No Authors@R field in DESCRIPTION. Please add one, modifying Authors@R: c(person(given = "Siyavash", family = "Shabani", role = c("aut", "cre"), email = "s.shabani.aut@gmail.com"), person(given = "Reza", family = "Rawassizadeh", role = "aut")) as necessary. Flavors: r-devel-linux-x86_64-debian-clang, r-devel-linux-x86_64-debian-gcc

Version: 0.1.0
Check: dependencies in R code
Result: NOTE Namespace in Imports field not imported from: ‘R6’ All declared Imports should be used. Flavors: r-devel-linux-x86_64-fedora-clang, r-devel-linux-x86_64-fedora-gcc