Last updated on 2025-05-03 21:51:19 CEST.
Flavor | Version | Tinstall | Tcheck | Ttotal | Status | Flags |
---|---|---|---|---|---|---|
r-devel-linux-x86_64-debian-clang | 1.0.1 | 55.28 | 49.38 | 104.66 | NOTE | |
r-devel-linux-x86_64-debian-gcc | 1.0.1 | 39.02 | 41.12 | 80.14 | NOTE | |
r-devel-linux-x86_64-fedora-clang | 1.0.1 | 193.76 | NOTE | |||
r-devel-linux-x86_64-fedora-gcc | 1.0.1 | 214.09 | NOTE | |||
r-devel-windows-x86_64 | 1.0.1 | 69.00 | 108.00 | 177.00 | NOTE | |
r-patched-linux-x86_64 | 1.0.1 | 53.33 | 50.09 | 103.42 | NOTE | |
r-release-linux-x86_64 | NOTE | |||||
r-release-macos-arm64 | 1.0.1 | 74.00 | NOTE | |||
r-release-macos-x86_64 | 1.0.1 | 104.00 | NOTE | |||
r-release-windows-x86_64 | 1.0.1 | 67.00 | 113.00 | 180.00 | NOTE | |
r-oldrel-macos-arm64 | 1.0.1 | 53.00 | NOTE | |||
r-oldrel-macos-x86_64 | 1.0.1 | 123.00 | NOTE | |||
r-oldrel-windows-x86_64 | 1.0.1 | 80.00 | 126.00 | 206.00 | NOTE |
Version: 1.0.1
Check: CRAN incoming feasibility
Result: NOTE
Maintainer: ‘Julien Stoehr <julien.stoehr@ucd.ie>’
No Authors@R field in DESCRIPTION.
Please add one, modifying
Authors@R: c(person(given = "Julien",
family = "Stoehr",
role = c("aut", "cre"),
email = "julien.stoehr@ucd.ie"),
person(given = "Pierre",
family = "Pudlo",
role = "aut"),
person(given = "Nial",
family = "Friel",
role = "aut"))
as necessary.
Flavors: r-devel-linux-x86_64-debian-clang, r-devel-linux-x86_64-debian-gcc
Version: 1.0.1
Check: C++ specification
Result: NOTE
Specified C++11: please drop specification unless essential
Flavors: r-devel-linux-x86_64-debian-clang, r-devel-linux-x86_64-debian-gcc, r-devel-linux-x86_64-fedora-clang, r-devel-linux-x86_64-fedora-gcc, r-devel-windows-x86_64, r-patched-linux-x86_64, r-release-linux-x86_64, r-release-macos-arm64, r-release-macos-x86_64, r-release-windows-x86_64, r-oldrel-macos-arm64, r-oldrel-macos-x86_64, r-oldrel-windows-x86_64
Version: 1.0.1
Check: compiled code
Result: NOTE
File ‘GiRaF/libs/GiRaF.so’:
Found no calls to: ‘R_registerRoutines’, ‘R_useDynamicSymbols’
It is good practice to register native routines and to disable symbol
search.
See ‘Writing portable packages’ in the ‘Writing R Extensions’ manual.
Flavors: r-devel-linux-x86_64-fedora-clang, r-devel-linux-x86_64-fedora-gcc
Version: 1.0.1
Check: installed package size
Result: NOTE
installed size is 6.8Mb
sub-directories of 1Mb or more:
libs 6.3Mb
Flavors: r-oldrel-macos-arm64, r-oldrel-macos-x86_64