Last updated on 2024-06-17 06:50:18 CEST.
Flavor | Version | Tinstall | Tcheck | Ttotal | Status | Flags |
---|---|---|---|---|---|---|
r-devel-linux-x86_64-debian-clang | 0.4-0 | 6.60 | 59.17 | 65.77 | OK | |
r-devel-linux-x86_64-debian-gcc | 0.4-0 | 4.27 | 42.53 | 46.80 | OK | |
r-devel-linux-x86_64-fedora-clang | 0.4-0 | 79.93 | OK | |||
r-devel-linux-x86_64-fedora-gcc | 0.4-0 | 76.00 | OK | |||
r-devel-windows-x86_64 | 0.4-0 | 9.00 | 65.00 | 74.00 | OK | |
r-patched-linux-x86_64 | 0.4-0 | 7.52 | 56.70 | 64.22 | OK | |
r-release-linux-x86_64 | 0.4-0 | 5.32 | 55.83 | 61.15 | OK | |
r-release-macos-arm64 | 0.4-0 | 25.00 | OK | |||
r-release-macos-x86_64 | 0.4-0 | 40.00 | OK | |||
r-release-windows-x86_64 | 0.4-0 | 9.00 | 67.00 | 76.00 | OK | |
r-oldrel-macos-arm64 | 0.4-0 | 26.00 | OK | |||
r-oldrel-macos-x86_64 | 0.4-0 | 41.00 | NOTE | |||
r-oldrel-windows-x86_64 | 0.4-0 | 9.00 | 76.00 | 85.00 | OK |
Version: 0.4-0
Check: package dependencies
Result: NOTE
Packages suggested but not available for checking: 'psych', 'psychTools'
Flavor: r-oldrel-macos-x86_64