Last updated on 2025-05-03 12:54:43 CEST.
Flavor | Version | Tinstall | Tcheck | Ttotal | Status | Flags |
---|---|---|---|---|---|---|
r-devel-linux-x86_64-debian-clang | 0.5.1 | 47.51 | 73.16 | 120.67 | NOTE | |
r-devel-linux-x86_64-debian-gcc | 0.5.1 | 37.03 | 52.42 | 89.45 | OK | |
r-devel-linux-x86_64-fedora-clang | 0.5.1 | 203.68 | OK | |||
r-devel-linux-x86_64-fedora-gcc | 0.5.1 | 217.67 | OK | |||
r-devel-windows-x86_64 | 0.5.1 | 59.00 | 116.00 | 175.00 | OK | |
r-patched-linux-x86_64 | 0.5.1 | 53.95 | 58.10 | 112.05 | OK | |
r-release-linux-x86_64 | OK | |||||
r-release-macos-arm64 | 0.5.1 | 53.00 | OK | |||
r-release-macos-x86_64 | 0.5.1 | 98.00 | OK | |||
r-release-windows-x86_64 | 0.5.1 | 58.00 | 118.00 | 176.00 | OK | |
r-oldrel-macos-arm64 | 0.5.1 | 51.00 | NOTE | |||
r-oldrel-macos-x86_64 | 0.5.1 | 132.00 | NOTE | |||
r-oldrel-windows-x86_64 | 0.5.1 | 68.00 | 129.00 | 197.00 | OK |
Version: 0.5.1
Check: examples
Result: NOTE
Examples with CPU time > 2.5 times elapsed time
user system elapsed ratio
vecchia_meanzero_loglik 1.124 0.012 0.399 2.847
vecchia_profbeta_loglik_grad_info 1.147 0.024 0.428 2.736
vecchia_profbeta_loglik 1.115 0.029 0.424 2.698
vecchia_grouped_meanzero_loglik 1.379 0.053 0.572 2.503
Flavor: r-devel-linux-x86_64-debian-clang
Version: 0.5.1
Check: installed package size
Result: NOTE
installed size is 8.0Mb
sub-directories of 1Mb or more:
data 1.4Mb
libs 6.3Mb
Flavors: r-oldrel-macos-arm64, r-oldrel-macos-x86_64